[INFO] cloning repository https://github.com/Marinamontelo/nft-test
[INFO] running `Command { std: "git" "-c" "credential.helper=" "-c" "credential.helper=/workspace/cargo-home/bin/git-credential-null" "clone" "--bare" "https://github.com/Marinamontelo/nft-test" "/workspace/cache/git-repos/https%3A%2F%2Fgithub.com%2FMarinamontelo%2Fnft-test", kill_on_drop: false }`
[INFO] [stderr] Cloning into bare repository '/workspace/cache/git-repos/https%3A%2F%2Fgithub.com%2FMarinamontelo%2Fnft-test'...
[INFO] running `Command { std: "git" "rev-parse" "HEAD", kill_on_drop: false }`
[INFO] [stdout] 7655afb8c1f9e1d16782d5a681e612c6b0d1e210
[INFO] checking Marinamontelo/nft-test against master#e6e4f7ed1589e03bc2f6c5931c1a72e7947e8682 for beta-170-4
[INFO] running `Command { std: "git" "clone" "/workspace/cache/git-repos/https%3A%2F%2Fgithub.com%2FMarinamontelo%2Fnft-test" "/workspace/builds/worker-5-tc2/source", kill_on_drop: false }`
[INFO] [stderr] Cloning into '/workspace/builds/worker-5-tc2/source'...
[INFO] [stderr] done.
[INFO] validating manifest of git repo https://github.com/Marinamontelo/nft-test on toolchain e6e4f7ed1589e03bc2f6c5931c1a72e7947e8682
[INFO] running `Command { std: CARGO_HOME="/workspace/cargo-home" RUSTUP_HOME="/workspace/rustup-home" "/workspace/cargo-home/bin/cargo" "+e6e4f7ed1589e03bc2f6c5931c1a72e7947e8682" "metadata" "--manifest-path" "Cargo.toml" "--no-deps", kill_on_drop: false }`
[INFO] started tweaking git repo https://github.com/Marinamontelo/nft-test
[INFO] finished tweaking git repo https://github.com/Marinamontelo/nft-test
[INFO] tweaked toml for git repo https://github.com/Marinamontelo/nft-test written to /workspace/builds/worker-5-tc2/source/Cargo.toml
[INFO] crate git repo https://github.com/Marinamontelo/nft-test already has a lockfile, it will not be regenerated
[INFO] running `Command { std: CARGO_HOME="/workspace/cargo-home" RUSTUP_HOME="/workspace/rustup-home" "/workspace/cargo-home/bin/cargo" "+e6e4f7ed1589e03bc2f6c5931c1a72e7947e8682" "fetch" "--manifest-path" "Cargo.toml", kill_on_drop: false }`
[INFO] running `Command { std: "docker" "create" "-v" "/var/lib/crater-agent-workspace/builds/worker-5-tc2/target:/opt/rustwide/target:rw,Z" "-v" "/var/lib/crater-agent-workspace/builds/worker-5-tc2/source:/opt/rustwide/workdir:ro,Z" "-v" "/var/lib/crater-agent-workspace/cargo-home:/opt/rustwide/cargo-home:ro,Z" "-v" "/var/lib/crater-agent-workspace/rustup-home:/opt/rustwide/rustup-home:ro,Z" "-e" "SOURCE_DIR=/opt/rustwide/workdir" "-e" "CARGO_TARGET_DIR=/opt/rustwide/target" "-e" "CARGO_HOME=/opt/rustwide/cargo-home" "-e" "RUSTUP_HOME=/opt/rustwide/rustup-home" "-w" "/opt/rustwide/workdir" "-m" "1610612736" "--user" "0:0" "--network" "none" "ghcr.io/rust-lang/crates-build-env/linux@sha256:19e73879b68f455e41552ea35293514db52ea292d993f571636dbffedb77a1ee" "/opt/rustwide/cargo-home/bin/cargo" "+e6e4f7ed1589e03bc2f6c5931c1a72e7947e8682" "metadata" "--no-deps" "--format-version=1", kill_on_drop: false }`
[INFO] [stdout] 7ce762f2f6f40fc5d7383235e58a6399b97125984b866f1105ba2e57a6ae5c12
[INFO] running `Command { std: "docker" "start" "-a" "7ce762f2f6f40fc5d7383235e58a6399b97125984b866f1105ba2e57a6ae5c12", kill_on_drop: false }`
[INFO] running `Command { std: "docker" "inspect" "7ce762f2f6f40fc5d7383235e58a6399b97125984b866f1105ba2e57a6ae5c12", kill_on_drop: false }`
[INFO] running `Command { std: "docker" "rm" "-f" "7ce762f2f6f40fc5d7383235e58a6399b97125984b866f1105ba2e57a6ae5c12", kill_on_drop: false }`
[INFO] [stdout] 7ce762f2f6f40fc5d7383235e58a6399b97125984b866f1105ba2e57a6ae5c12
[INFO] running `Command { std: "docker" "create" "-v" "/var/lib/crater-agent-workspace/builds/worker-5-tc2/target:/opt/rustwide/target:rw,Z" "-v" "/var/lib/crater-agent-workspace/builds/worker-5-tc2/source:/opt/rustwide/workdir:ro,Z" "-v" "/var/lib/crater-agent-workspace/cargo-home:/opt/rustwide/cargo-home:ro,Z" "-v" "/var/lib/crater-agent-workspace/rustup-home:/opt/rustwide/rustup-home:ro,Z" "-e" "SOURCE_DIR=/opt/rustwide/workdir" "-e" "CARGO_TARGET_DIR=/opt/rustwide/target" "-e" "CARGO_INCREMENTAL=0" "-e" "RUST_BACKTRACE=full" "-e" "RUSTFLAGS=--cap-lints=forbid" "-e" "RUSTDOCFLAGS=--cap-lints=forbid" "-e" "CARGO_HOME=/opt/rustwide/cargo-home" "-e" "RUSTUP_HOME=/opt/rustwide/rustup-home" "-w" "/opt/rustwide/workdir" "-m" "1610612736" "--user" "0:0" "--network" "none" "ghcr.io/rust-lang/crates-build-env/linux@sha256:19e73879b68f455e41552ea35293514db52ea292d993f571636dbffedb77a1ee" "/opt/rustwide/cargo-home/bin/cargo" "+e6e4f7ed1589e03bc2f6c5931c1a72e7947e8682" "check" "--frozen" "--all" "--all-targets" "--message-format=json", kill_on_drop: false }`
[INFO] [stdout] d40790e52f90a47801d68d44bb57bd5ac05e93b52d60e3bdf9c0ead37c23bd67
[INFO] running `Command { std: "docker" "start" "-a" "d40790e52f90a47801d68d44bb57bd5ac05e93b52d60e3bdf9c0ead37c23bd67", kill_on_drop: false }`
[INFO] [stderr]     Blocking waiting for file lock on package cache
[INFO] [stderr]     Blocking waiting for file lock on package cache
[INFO] [stderr]    Compiling proc-macro2 v1.0.24
[INFO] [stderr]    Compiling syn v1.0.57
[INFO] [stderr]    Compiling libc v0.2.86
[INFO] [stderr]    Compiling serde v1.0.118
[INFO] [stderr]    Compiling byteorder v1.3.4
[INFO] [stderr]    Compiling indexmap v1.6.1
[INFO] [stderr]    Compiling target-lexicon v0.11.2
[INFO] [stderr]    Compiling serde_json v1.0.64
[INFO] [stderr]     Checking hex v0.4.2
[INFO] [stderr]    Compiling fnv v1.0.7
[INFO] [stderr]    Compiling ident_case v1.0.1
[INFO] [stderr]     Checking stable_deref_trait v1.2.0
[INFO] [stderr]    Compiling cfg-if v0.1.10
[INFO] [stderr]    Compiling ahash v0.4.7
[INFO] [stderr]     Checking block-padding v0.2.1
[INFO] [stderr]     Checking fallible-iterator v0.2.0
[INFO] [stderr]     Checking thread_local v1.1.3
[INFO] [stderr]     Checking more-asserts v0.2.1
[INFO] [stderr]     Checking regex-syntax v0.6.22
[INFO] [stderr]     Checking block-buffer v0.9.0
[INFO] [stderr]    Compiling ryu v1.0.5
[INFO] [stderr]    Compiling num-bigint v0.3.1
[INFO] [stderr]    Compiling itoa v0.4.7
[INFO] [stderr]    Compiling hashbrown v0.9.1
[INFO] [stderr]     Checking sha2 v0.9.3
[INFO] [stderr]    Compiling memoffset v0.6.1
[INFO] [stderr]    Compiling num-rational v0.3.2
[INFO] [stderr]    Compiling cranelift-codegen-shared v0.67.0
[INFO] [stderr]     Checking object v0.23.0
[INFO] [stderr]     Checking bs58 v0.4.0
[INFO] [stderr]     Checking arrayvec v0.5.2
[INFO] [stderr]    Compiling quote v1.0.9
[INFO] [stderr]    Compiling strsim v0.10.0
[INFO] [stderr]     Checking regalloc v0.0.30
[INFO] [stderr]    Compiling bitflags v1.2.1
[INFO] [stderr]     Checking subtle v2.4.0
[INFO] [stderr]    Compiling memchr v2.3.4
[INFO] [stderr]    Compiling crossbeam-utils v0.8.3
[INFO] [stderr]    Compiling radium v0.6.2
[INFO] [stderr]     Checking keccak v0.1.0
[INFO] [stderr]    Compiling crunchy v0.2.2
[INFO] [stderr]    Compiling anyhow v1.0.38
[INFO] [stderr]     Checking crypto-mac v0.8.0
[INFO] [stderr]    Compiling typenum v1.12.0
[INFO] [stderr]    Compiling glob v0.3.0
[INFO] [stderr]     Checking wasmparser v0.59.0
[INFO] [stderr]     Checking sha3 v0.9.1
[INFO] [stderr]     Checking rustc-hex v2.1.0
[INFO] [stderr]    Compiling proc-macro-error-attr v1.0.4
[INFO] [stderr]    Compiling nom v5.1.2
[INFO] [stderr]     Checking funty v1.1.0
[INFO] [stderr]     Checking tap v1.0.1
[INFO] [stderr]    Compiling wee_alloc v0.4.5
[INFO] [stderr]    Compiling once_cell v1.7.0
[INFO] [stderr]    Compiling clang-sys v0.29.3
[INFO] [stderr]     Checking arrayref v0.3.6
[INFO] [stderr]     Checking bytes v1.0.1
[INFO] [stderr]    Compiling jobserver v0.1.21
[INFO] [stderr]     Checking region v2.2.0
[INFO] [stderr]     Checking getrandom v0.2.2
[INFO] [stderr]     Checking getrandom v0.1.16
[INFO] [stderr]    Compiling cc v1.0.67
[INFO] [stderr]     Checking rand_core v0.6.2
[INFO] [stderr]     Checking memmap2 v0.2.1
[INFO] [stderr]    Compiling generic-array v0.14.4
[INFO] [stderr]     Checking static_assertions v1.1.0
[INFO] [stderr]     Checking wasmparser v0.65.0
[INFO] [stderr]     Checking rand_core v0.5.1
[INFO] [stderr]     Checking wyz v0.2.0
[INFO] [stderr]     Checking rlp v0.5.0
[INFO] [stderr]    Compiling atty v0.2.14
[INFO] [stderr]     Checking regex v1.4.3
[INFO] [stderr]     Checking rand_chacha v0.3.0
[INFO] [stderr]    Compiling aho-corasick v0.7.15
[INFO] [stderr]    Compiling quick-error v1.2.3
[INFO] [stderr]     Checking rand_chacha v0.2.2
[INFO] [stderr]     Checking memory_units v0.4.0
[INFO] [stderr]    Compiling rayon-core v1.9.0
[INFO] [stderr]     Checking bitvec v0.20.1
[INFO] [stderr]    Compiling cranelift-codegen-shared v0.68.0
[INFO] [stderr]     Checking rand v0.8.3
[INFO] [stderr]    Compiling unicode-width v0.1.8
[INFO] [stderr]    Compiling fs_extra v1.2.0
[INFO] [stderr]     Checking byte-slice-cast v1.0.0
[INFO] [stderr]    Compiling digest v0.9.0
[INFO] [stderr]    Compiling textwrap v0.11.0
[INFO] [stderr]     Checking rand v0.7.3
[INFO] [stderr]     Checking impl-rlp v0.3.0
[INFO] [stderr]    Compiling log v0.4.14
[INFO] [stderr]    Compiling humantime v1.3.0
[INFO] [stderr]     Checking num_cpus v1.13.0
[INFO] [stderr]     Checking backtrace v0.3.56
[INFO] [stderr]     Checking crossbeam-epoch v0.9.3
[INFO] [stderr]    Compiling memoffset v0.5.6
[INFO] [stderr]     Checking signature v1.3.0
[INFO] [stderr]     Checking fixed-hash v0.7.0
[INFO] [stderr]    Compiling constant_time_eq v0.1.5
[INFO] [stderr]    Compiling strsim v0.9.3
[INFO] [stderr]    Compiling termcolor v1.1.2
[INFO] [stderr]     Checking futures-sink v0.3.13
[INFO] [stderr]    Compiling strsim v0.8.0
[INFO] [stderr]    Compiling bindgen v0.54.0
[INFO] [stderr]    Compiling ansi_term v0.11.0
[INFO] [stderr]     Checking near-runtime-utils v4.0.0-pre.1
[INFO] [stderr]     Checking futures-core v0.3.13
[INFO] [stderr]    Compiling vec_map v0.8.2
[INFO] [stderr]     Checking futures-channel v0.3.13
[INFO] [stderr]     Checking crossbeam-deque v0.8.0
[INFO] [stderr]     Checking ed25519 v1.0.3
[INFO] [stderr]    Compiling wasmer-vm v1.0.2
[INFO] [stderr]    Compiling libloading v0.5.2
[INFO] [stderr]    Compiling blake3 v0.3.7
[INFO] [stderr]    Compiling jemalloc-sys v0.3.2
[INFO] [stderr]    Compiling parity-secp256k1 v0.7.0
[INFO] [stderr]    Compiling clap v2.33.3
[INFO] [stderr]    Compiling raw-cpuid v7.0.4
[INFO] [stderr]    Compiling wasmtime-runtime v0.20.0
[INFO] [stderr]     Checking uint v0.9.0
[INFO] [stderr]    Compiling which v3.1.1
[INFO] [stderr]     Checking crossbeam-channel v0.5.0
[INFO] [stderr]     Checking cipher v0.2.5
[INFO] [stderr]    Compiling rayon v1.5.0
[INFO] [stderr]    Compiling shlex v0.1.1
[INFO] [stderr]     Checking wasmparser v0.57.0
[INFO] [stderr]    Compiling peeking_take_while v0.1.2
[INFO] [stderr]    Compiling rustc-hash v1.1.0
[INFO] [stderr]    Compiling target-lexicon v0.10.0
[INFO] [stderr]     Checking futures-io v0.3.13
[INFO] [stderr]    Compiling reed-solomon-erasure v4.0.2
[INFO] [stderr]    Compiling nix v0.15.0
[INFO] [stderr]    Compiling lazycell v1.3.0
[INFO] [stderr]     Checking c2-chacha v0.3.0
[INFO] [stderr]    Compiling env_logger v0.7.1
[INFO] [stderr]     Checking time v0.1.43
[INFO] [stderr]     Checking parking_lot_core v0.7.2
[INFO] [stderr]     Checking blake2 v0.9.1
[INFO] [stderr]     Checking lock_api v0.3.4
[INFO] [stderr]     Checking regalloc v0.0.31
[INFO] [stderr]     Checking leb128 v0.2.4
[INFO] [stderr]     Checking void v1.0.2
[INFO] [stderr]    Compiling event-listener v2.5.1
[INFO] [stderr]     Checking validator_types v0.12.0
[INFO] [stderr]     Checking parking_lot v0.10.2
[INFO] [stderr]    Compiling async-mutex v1.4.0
[INFO] [stderr]     Checking digest v0.8.1
[INFO] [stderr]    Compiling cexpr v0.4.0
[INFO] [stderr]     Checking errno v0.2.7
[INFO] [stderr]     Checking page_size v0.4.2
[INFO] [stderr]    Compiling wasmer-compiler-cranelift v1.0.2
[INFO] [stderr]     Checking wasmparser v0.51.4
[INFO] [stderr]    Compiling heapsize v0.4.2
[INFO] [stderr]    Compiling cached_proc_macro_types v0.1.0
[INFO] [stderr]    Compiling tiny-keccak v2.0.2
[INFO] [stderr]    Compiling protobuf v2.22.0
[INFO] [stderr]     Checking tempfile v3.2.0
[INFO] [stderr]    Compiling borsh-derive-internal v0.8.1
[INFO] [stderr]    Compiling borsh-schema-derive-internal v0.8.1
[INFO] [stderr]    Compiling darling_core v0.12.2
[INFO] [stderr]    Compiling synstructure v0.12.4
[INFO] [stderr]    Compiling proc-macro-error v1.0.4
[INFO] [stderr]    Compiling near-sdk-core v3.1.0
[INFO] [stderr]    Compiling darling_core v0.10.2
[INFO] [stderr]     Checking parking_lot_core v0.8.3
[INFO] [stderr]     Checking wast v35.0.0
[INFO] [stderr]    Compiling prometheus v0.11.0
[INFO] [stderr]     Checking unicode-xid v0.2.1
[INFO] [stderr]     Checking parking_lot v0.11.1
[INFO] [stderr]     Checking memmap v0.7.0
[INFO] [stderr]    Compiling slash-formatter v3.1.1
[INFO] [stderr]     Checking parity-wasm v0.41.0
[INFO] [stderr]     Checking elastic-array v0.11.0
[INFO] [stderr]     Checking concat-with v0.2.5
[INFO] [stderr]     Checking pwasm-utils v0.12.0
[INFO] [stderr]    Compiling serde_derive v1.0.118
[INFO] [stderr]    Compiling thiserror-impl v1.0.24
[INFO] [stderr]    Compiling derive_more v0.99.11
[INFO] [stderr]    Compiling darling_macro v0.12.2
[INFO] [stderr]    Compiling zeroize_derive v1.0.1
[INFO] [stderr]    Compiling near-sdk-macros v3.1.0
[INFO] [stderr]    Compiling futures-macro v0.3.13
[INFO] [stderr]    Compiling dynasm v1.0.1
[INFO] [stderr]    Compiling darling_macro v0.10.2
[INFO] [stderr]    Compiling tracing-attributes v0.1.13
[INFO] [stderr]    Compiling wasmer-runtime-core-near v0.17.1
[INFO] [stderr]     Checking zeroize v1.2.0
[INFO] [stderr]    Compiling darling v0.12.2
[INFO] [stderr]    Compiling smart-default v0.6.0
[INFO] [stderr]    Compiling enumset_derive v0.5.4
[INFO] [stderr]    Compiling darling v0.10.2
[INFO] [stderr]     Checking curve25519-dalek v3.0.2
[INFO] [stderr]    Compiling easy-ext v0.2.6
[INFO] [stderr]    Compiling cached_proc_macro v0.6.0
[INFO] [stderr]    Compiling async-trait v0.1.42
[INFO] [stderr]     Checking wat v1.0.36
[INFO] [stderr]     Checking futures-util v0.3.13
[INFO] [stderr]    Compiling strum_macros v0.20.1
[INFO] [stderr]    Compiling wasmer-derive v1.0.2
[INFO] [stderr]     Checking thiserror v1.0.24
[INFO] [stderr]     Checking which v4.0.2
[INFO] [stderr]     Checking tracing v0.1.25
[INFO] [stderr]     Checking enumset v1.0.6
[INFO] [stderr]     Checking near-metrics v0.1.0
[INFO] [stderr]     Checking lazy-static-include v3.0.5
[INFO] [stderr]    Compiling librocksdb-sys v6.11.4
[INFO] [stderr]     Checking strum v0.20.0
[INFO] [stderr]     Checking futures-executor v0.3.13
[INFO] [stderr]     Checking futures v0.3.13
[INFO] [stderr]     Checking cached v0.23.0
[INFO] [stderr]     Checking cranelift-entity v0.67.0
[INFO] [stderr]     Checking cranelift-entity v0.68.0
[INFO] [stderr]    Compiling toml v0.5.8
[INFO] [stderr]     Checking cranelift-bforest v0.67.0
[INFO] [stderr]     Checking gimli v0.21.0
[INFO] [stderr]     Checking serde_bytes v0.11.5
[INFO] [stderr]    Compiling cranelift-codegen-meta v0.67.0
[INFO] [stderr]     Checking wasmer-types v1.0.2
[INFO] [stderr]     Checking bincode v1.3.2
[INFO] [stderr]    Compiling proc-macro-crate v0.1.5
[INFO] [stderr]     Checking impl-serde v0.3.1
[INFO] [stderr]     Checking parity-scale-codec v2.0.1
[INFO] [stderr]     Checking cranelift-bforest v0.68.0
[INFO] [stderr]    Compiling cranelift-codegen-meta v0.68.0
[INFO] [stderr]     Checking gimli v0.22.0
[INFO] [stderr]     Checking object v0.21.1
[INFO] [stderr]     Checking ed25519-dalek v1.0.1
[INFO] [stderr]     Checking validator v0.12.0
[INFO] [stderr]    Compiling borsh-derive v0.8.1
[INFO] [stderr]     Checking object v0.22.0
[INFO] [stderr]     Checking dynasmrt v1.0.1
[INFO] [stderr]     Checking chrono v0.4.19
[INFO] [stderr]    Compiling near-rpc-error-core v0.1.0
[INFO] [stderr]     Checking serde-bench v0.0.7
[INFO] [stderr]     Checking ethbloom v0.11.0
[INFO] [stdout] error[E0557]: feature has been removed
[INFO] [stdout]   --> /opt/rustwide/cargo-home/registry/src/index.crates.io-6f17d22bba15001f/wasmer-runtime-core-near-0.17.1/src/lib.rs:25:30
[INFO] [stdout]    |
[INFO] [stdout] 25 | #![cfg_attr(nightly, feature(unwind_attributes))]
[INFO] [stdout]    |                              ^^^^^^^^^^^^^^^^^ feature has been removed
[INFO] [stdout]    |
[INFO] [stdout]    = note: use the C-unwind ABI instead
[INFO] [stdout] 
[INFO] [stdout] 
[INFO] [stderr]     Checking impl-codec v0.5.0
[INFO] [stderr]     Checking wasmer-compiler v1.0.2
[INFO] [stderr]    Compiling near-rpc-error-macro v0.1.0
[INFO] [stderr]     Checking primitive-types v0.9.0
[INFO] [stderr]     Checking borsh v0.8.1
[INFO] [stdout] error: cannot find attribute `unwind` in this scope
[INFO] [stdout]    --> /opt/rustwide/cargo-home/registry/src/index.crates.io-6f17d22bba15001f/wasmer-runtime-core-near-0.17.1/src/typed_func.rs:617:37
[INFO] [stdout]     |
[INFO] [stdout] 617 |                 #[cfg_attr(nightly, unwind(allowed))]
[INFO] [stdout]     |                                     ^^^^^^
[INFO] [stdout] ...
[INFO] [stdout] 862 | impl_traits!([C] S0,);
[INFO] [stdout]     | --------------------- in this macro invocation
[INFO] [stdout]     |
[INFO] [stdout]     = note: this error originates in the macro `impl_traits` (in Nightly builds, run with -Z macro-backtrace for more info)
[INFO] [stdout] 
[INFO] [stdout] 
[INFO] [stdout] error: cannot find attribute `unwind` in this scope
[INFO] [stdout]    --> /opt/rustwide/cargo-home/registry/src/index.crates.io-6f17d22bba15001f/wasmer-runtime-core-near-0.17.1/src/typed_func.rs:734:37
[INFO] [stdout]     |
[INFO] [stdout] 734 |                 #[cfg_attr(nightly, unwind(allowed))]
[INFO] [stdout]     |                                     ^^^^^^
[INFO] [stdout] ...
[INFO] [stdout] 862 | impl_traits!([C] S0,);
[INFO] [stdout]     | --------------------- in this macro invocation
[INFO] [stdout]     |
[INFO] [stdout]     = note: this error originates in the macro `impl_traits` (in Nightly builds, run with -Z macro-backtrace for more info)
[INFO] [stdout] 
[INFO] [stdout] 
[INFO] [stdout] error: cannot find attribute `unwind` in this scope
[INFO] [stdout]    --> /opt/rustwide/cargo-home/registry/src/index.crates.io-6f17d22bba15001f/wasmer-runtime-core-near-0.17.1/src/typed_func.rs:617:37
[INFO] [stdout]     |
[INFO] [stdout] 617 |                 #[cfg_attr(nightly, unwind(allowed))]
[INFO] [stdout]     |                                     ^^^^^^
[INFO] [stdout] ...
[INFO] [stdout] 863 | impl_traits!([transparent] S1, A);
[INFO] [stdout]     | --------------------------------- in this macro invocation
[INFO] [stdout]     |
[INFO] [stdout]     = note: this error originates in the macro `impl_traits` (in Nightly builds, run with -Z macro-backtrace for more info)
[INFO] [stdout] 
[INFO] [stdout] 
[INFO] [stdout] error: cannot find attribute `unwind` in this scope
[INFO] [stdout]    --> /opt/rustwide/cargo-home/registry/src/index.crates.io-6f17d22bba15001f/wasmer-runtime-core-near-0.17.1/src/typed_func.rs:734:37
[INFO] [stdout]     |
[INFO] [stdout] 734 |                 #[cfg_attr(nightly, unwind(allowed))]
[INFO] [stdout]     |                                     ^^^^^^
[INFO] [stdout] ...
[INFO] [stdout] 863 | impl_traits!([transparent] S1, A);
[INFO] [stdout]     | --------------------------------- in this macro invocation
[INFO] [stdout]     |
[INFO] [stdout]     = note: this error originates in the macro `impl_traits` (in Nightly builds, run with -Z macro-backtrace for more info)
[INFO] [stdout] 
[INFO] [stdout] 
[INFO] [stdout] error: cannot find attribute `unwind` in this scope
[INFO] [stdout]    --> /opt/rustwide/cargo-home/registry/src/index.crates.io-6f17d22bba15001f/wasmer-runtime-core-near-0.17.1/src/typed_func.rs:617:37
[INFO] [stdout]     |
[INFO] [stdout] 617 |                 #[cfg_attr(nightly, unwind(allowed))]
[INFO] [stdout]     |                                     ^^^^^^
[INFO] [stdout] ...
[INFO] [stdout] 864 | impl_traits!([C] S2, A, B);
[INFO] [stdout]     | -------------------------- in this macro invocation
[INFO] [stdout]     |
[INFO] [stdout]     = note: this error originates in the macro `impl_traits` (in Nightly builds, run with -Z macro-backtrace for more info)
[INFO] [stdout] 
[INFO] [stdout] 
[INFO] [stdout] error: cannot find attribute `unwind` in this scope
[INFO] [stdout]    --> /opt/rustwide/cargo-home/registry/src/index.crates.io-6f17d22bba15001f/wasmer-runtime-core-near-0.17.1/src/typed_func.rs:734:37
[INFO] [stdout]     |
[INFO] [stdout] 734 |                 #[cfg_attr(nightly, unwind(allowed))]
[INFO] [stdout]     |                                     ^^^^^^
[INFO] [stdout] ...
[INFO] [stdout] 864 | impl_traits!([C] S2, A, B);
[INFO] [stdout]     | -------------------------- in this macro invocation
[INFO] [stdout]     |
[INFO] [stdout]     = note: this error originates in the macro `impl_traits` (in Nightly builds, run with -Z macro-backtrace for more info)
[INFO] [stdout] 
[INFO] [stdout] 
[INFO] [stdout] error: cannot find attribute `unwind` in this scope
[INFO] [stdout]    --> /opt/rustwide/cargo-home/registry/src/index.crates.io-6f17d22bba15001f/wasmer-runtime-core-near-0.17.1/src/typed_func.rs:617:37
[INFO] [stdout]     |
[INFO] [stdout] 617 |                 #[cfg_attr(nightly, unwind(allowed))]
[INFO] [stdout]     |                                     ^^^^^^
[INFO] [stdout] ...
[INFO] [stdout] 865 | impl_traits!([C] S3, A, B, C);
[INFO] [stdout]     | ----------------------------- in this macro invocation
[INFO] [stdout]     |
[INFO] [stdout]     = note: this error originates in the macro `impl_traits` (in Nightly builds, run with -Z macro-backtrace for more info)
[INFO] [stdout] 
[INFO] [stdout] 
[INFO] [stdout] error: cannot find attribute `unwind` in this scope
[INFO] [stdout]    --> /opt/rustwide/cargo-home/registry/src/index.crates.io-6f17d22bba15001f/wasmer-runtime-core-near-0.17.1/src/typed_func.rs:734:37
[INFO] [stdout]     |
[INFO] [stdout] 734 |                 #[cfg_attr(nightly, unwind(allowed))]
[INFO] [stdout]     |                                     ^^^^^^
[INFO] [stdout] ...
[INFO] [stdout] 865 | impl_traits!([C] S3, A, B, C);
[INFO] [stdout]     | ----------------------------- in this macro invocation
[INFO] [stdout]     |
[INFO] [stdout]     = note: this error originates in the macro `impl_traits` (in Nightly builds, run with -Z macro-backtrace for more info)
[INFO] [stdout] 
[INFO] [stdout] 
[INFO] [stdout] error: cannot find attribute `unwind` in this scope
[INFO] [stdout]    --> /opt/rustwide/cargo-home/registry/src/index.crates.io-6f17d22bba15001f/wasmer-runtime-core-near-0.17.1/src/typed_func.rs:617:37
[INFO] [stdout]     |
[INFO] [stdout] 617 |                 #[cfg_attr(nightly, unwind(allowed))]
[INFO] [stdout]     |                                     ^^^^^^
[INFO] [stdout] ...
[INFO] [stdout] 866 | impl_traits!([C] S4, A, B, C, D);
[INFO] [stdout]     | -------------------------------- in this macro invocation
[INFO] [stdout]     |
[INFO] [stdout]     = note: this error originates in the macro `impl_traits` (in Nightly builds, run with -Z macro-backtrace for more info)
[INFO] [stdout] 
[INFO] [stdout] 
[INFO] [stdout] error: cannot find attribute `unwind` in this scope
[INFO] [stdout]    --> /opt/rustwide/cargo-home/registry/src/index.crates.io-6f17d22bba15001f/wasmer-runtime-core-near-0.17.1/src/typed_func.rs:734:37
[INFO] [stdout]     |
[INFO] [stdout] 734 |                 #[cfg_attr(nightly, unwind(allowed))]
[INFO] [stdout]     |                                     ^^^^^^
[INFO] [stdout] ...
[INFO] [stdout] 866 | impl_traits!([C] S4, A, B, C, D);
[INFO] [stdout]     | -------------------------------- in this macro invocation
[INFO] [stdout]     |
[INFO] [stdout]     = note: this error originates in the macro `impl_traits` (in Nightly builds, run with -Z macro-backtrace for more info)
[INFO] [stdout] 
[INFO] [stdout] 
[INFO] [stdout] error: cannot find attribute `unwind` in this scope
[INFO] [stdout]    --> /opt/rustwide/cargo-home/registry/src/index.crates.io-6f17d22bba15001f/wasmer-runtime-core-near-0.17.1/src/typed_func.rs:617:37
[INFO] [stdout]     |
[INFO] [stdout] 617 |                 #[cfg_attr(nightly, unwind(allowed))]
[INFO] [stdout]     |                                     ^^^^^^
[INFO] [stdout] ...
[INFO] [stdout] 867 | impl_traits!([C] S5, A, B, C, D, E);
[INFO] [stdout]     | ----------------------------------- in this macro invocation
[INFO] [stdout]     |
[INFO] [stdout]     = note: this error originates in the macro `impl_traits` (in Nightly builds, run with -Z macro-backtrace for more info)
[INFO] [stdout] 
[INFO] [stdout] 
[INFO] [stdout] error: cannot find attribute `unwind` in this scope
[INFO] [stdout]    --> /opt/rustwide/cargo-home/registry/src/index.crates.io-6f17d22bba15001f/wasmer-runtime-core-near-0.17.1/src/typed_func.rs:734:37
[INFO] [stdout]     |
[INFO] [stdout] 734 |                 #[cfg_attr(nightly, unwind(allowed))]
[INFO] [stdout]     |                                     ^^^^^^
[INFO] [stdout] ...
[INFO] [stdout] 867 | impl_traits!([C] S5, A, B, C, D, E);
[INFO] [stdout]     | ----------------------------------- in this macro invocation
[INFO] [stdout]     |
[INFO] [stdout]     = note: this error originates in the macro `impl_traits` (in Nightly builds, run with -Z macro-backtrace for more info)
[INFO] [stdout] 
[INFO] [stdout] 
[INFO] [stdout] error: cannot find attribute `unwind` in this scope
[INFO] [stdout]    --> /opt/rustwide/cargo-home/registry/src/index.crates.io-6f17d22bba15001f/wasmer-runtime-core-near-0.17.1/src/typed_func.rs:617:37
[INFO] [stdout]     |
[INFO] [stdout] 617 |                 #[cfg_attr(nightly, unwind(allowed))]
[INFO] [stdout]     |                                     ^^^^^^
[INFO] [stdout] ...
[INFO] [stdout] 868 | impl_traits!([C] S6, A, B, C, D, E, F);
[INFO] [stdout]     | -------------------------------------- in this macro invocation
[INFO] [stdout]     |
[INFO] [stdout]     = note: this error originates in the macro `impl_traits` (in Nightly builds, run with -Z macro-backtrace for more info)
[INFO] [stdout] 
[INFO] [stdout] 
[INFO] [stdout] error: cannot find attribute `unwind` in this scope
[INFO] [stdout]    --> /opt/rustwide/cargo-home/registry/src/index.crates.io-6f17d22bba15001f/wasmer-runtime-core-near-0.17.1/src/typed_func.rs:734:37
[INFO] [stdout]     |
[INFO] [stdout] 734 |                 #[cfg_attr(nightly, unwind(allowed))]
[INFO] [stdout]     |                                     ^^^^^^
[INFO] [stdout] ...
[INFO] [stdout] 868 | impl_traits!([C] S6, A, B, C, D, E, F);
[INFO] [stdout]     | -------------------------------------- in this macro invocation
[INFO] [stdout]     |
[INFO] [stdout]     = note: this error originates in the macro `impl_traits` (in Nightly builds, run with -Z macro-backtrace for more info)
[INFO] [stdout] 
[INFO] [stdout] 
[INFO] [stdout] error: cannot find attribute `unwind` in this scope
[INFO] [stdout]    --> /opt/rustwide/cargo-home/registry/src/index.crates.io-6f17d22bba15001f/wasmer-runtime-core-near-0.17.1/src/typed_func.rs:617:37
[INFO] [stdout]     |
[INFO] [stdout] 617 |                 #[cfg_attr(nightly, unwind(allowed))]
[INFO] [stdout]     |                                     ^^^^^^
[INFO] [stdout] ...
[INFO] [stdout] 869 | impl_traits!([C] S7, A, B, C, D, E, F, G);
[INFO] [stdout]     | ----------------------------------------- in this macro invocation
[INFO] [stdout]     |
[INFO] [stdout]     = note: this error originates in the macro `impl_traits` (in Nightly builds, run with -Z macro-backtrace for more info)
[INFO] [stdout] 
[INFO] [stdout] 
[INFO] [stdout] error: cannot find attribute `unwind` in this scope
[INFO] [stdout]    --> /opt/rustwide/cargo-home/registry/src/index.crates.io-6f17d22bba15001f/wasmer-runtime-core-near-0.17.1/src/typed_func.rs:734:37
[INFO] [stdout]     |
[INFO] [stdout] 734 |                 #[cfg_attr(nightly, unwind(allowed))]
[INFO] [stdout]     |                                     ^^^^^^
[INFO] [stdout] ...
[INFO] [stdout] 869 | impl_traits!([C] S7, A, B, C, D, E, F, G);
[INFO] [stdout]     | ----------------------------------------- in this macro invocation
[INFO] [stdout]     |
[INFO] [stdout]     = note: this error originates in the macro `impl_traits` (in Nightly builds, run with -Z macro-backtrace for more info)
[INFO] [stdout] 
[INFO] [stdout] 
[INFO] [stdout] error: cannot find attribute `unwind` in this scope
[INFO] [stdout]    --> /opt/rustwide/cargo-home/registry/src/index.crates.io-6f17d22bba15001f/wasmer-runtime-core-near-0.17.1/src/typed_func.rs:617:37
[INFO] [stdout]     |
[INFO] [stdout] 617 |                 #[cfg_attr(nightly, unwind(allowed))]
[INFO] [stdout]     |                                     ^^^^^^
[INFO] [stdout] ...
[INFO] [stdout] 870 | impl_traits!([C] S8, A, B, C, D, E, F, G, H);
[INFO] [stdout]     | -------------------------------------------- in this macro invocation
[INFO] [stdout]     |
[INFO] [stdout]     = note: this error originates in the macro `impl_traits` (in Nightly builds, run with -Z macro-backtrace for more info)
[INFO] [stdout] 
[INFO] [stdout] 
[INFO] [stdout] error: cannot find attribute `unwind` in this scope
[INFO] [stdout]    --> /opt/rustwide/cargo-home/registry/src/index.crates.io-6f17d22bba15001f/wasmer-runtime-core-near-0.17.1/src/typed_func.rs:734:37
[INFO] [stdout]     |
[INFO] [stdout] 734 |                 #[cfg_attr(nightly, unwind(allowed))]
[INFO] [stdout]     |                                     ^^^^^^
[INFO] [stdout] ...
[INFO] [stdout] 870 | impl_traits!([C] S8, A, B, C, D, E, F, G, H);
[INFO] [stdout]     | -------------------------------------------- in this macro invocation
[INFO] [stdout]     |
[INFO] [stdout]     = note: this error originates in the macro `impl_traits` (in Nightly builds, run with -Z macro-backtrace for more info)
[INFO] [stdout] 
[INFO] [stdout] 
[INFO] [stdout] error: cannot find attribute `unwind` in this scope
[INFO] [stdout]    --> /opt/rustwide/cargo-home/registry/src/index.crates.io-6f17d22bba15001f/wasmer-runtime-core-near-0.17.1/src/typed_func.rs:617:37
[INFO] [stdout]     |
[INFO] [stdout] 617 |                 #[cfg_attr(nightly, unwind(allowed))]
[INFO] [stdout]     |                                     ^^^^^^
[INFO] [stdout] ...
[INFO] [stdout] 871 | impl_traits!([C] S9, A, B, C, D, E, F, G, H, I);
[INFO] [stdout]     | ----------------------------------------------- in this macro invocation
[INFO] [stdout]     |
[INFO] [stdout]     = note: this error originates in the macro `impl_traits` (in Nightly builds, run with -Z macro-backtrace for more info)
[INFO] [stdout] 
[INFO] [stdout] 
[INFO] [stdout] error: cannot find attribute `unwind` in this scope
[INFO] [stdout]    --> /opt/rustwide/cargo-home/registry/src/index.crates.io-6f17d22bba15001f/wasmer-runtime-core-near-0.17.1/src/typed_func.rs:734:37
[INFO] [stdout]     |
[INFO] [stdout] 734 |                 #[cfg_attr(nightly, unwind(allowed))]
[INFO] [stdout]     |                                     ^^^^^^
[INFO] [stdout] ...
[INFO] [stdout] 871 | impl_traits!([C] S9, A, B, C, D, E, F, G, H, I);
[INFO] [stdout]     | ----------------------------------------------- in this macro invocation
[INFO] [stdout]     |
[INFO] [stdout]     = note: this error originates in the macro `impl_traits` (in Nightly builds, run with -Z macro-backtrace for more info)
[INFO] [stdout] 
[INFO] [stdout] 
[INFO] [stdout] error: cannot find attribute `unwind` in this scope
[INFO] [stdout]    --> /opt/rustwide/cargo-home/registry/src/index.crates.io-6f17d22bba15001f/wasmer-runtime-core-near-0.17.1/src/typed_func.rs:617:37
[INFO] [stdout]     |
[INFO] [stdout] 617 |                 #[cfg_attr(nightly, unwind(allowed))]
[INFO] [stdout]     |                                     ^^^^^^
[INFO] [stdout] ...
[INFO] [stdout] 872 | impl_traits!([C] S10, A, B, C, D, E, F, G, H, I, J);
[INFO] [stdout]     | --------------------------------------------------- in this macro invocation
[INFO] [stdout]     |
[INFO] [stdout]     = note: this error originates in the macro `impl_traits` (in Nightly builds, run with -Z macro-backtrace for more info)
[INFO] [stdout] 
[INFO] [stdout] 
[INFO] [stdout] error: cannot find attribute `unwind` in this scope
[INFO] [stdout]    --> /opt/rustwide/cargo-home/registry/src/index.crates.io-6f17d22bba15001f/wasmer-runtime-core-near-0.17.1/src/typed_func.rs:734:37
[INFO] [stdout]     |
[INFO] [stdout] 734 |                 #[cfg_attr(nightly, unwind(allowed))]
[INFO] [stdout]     |                                     ^^^^^^
[INFO] [stdout] ...
[INFO] [stdout] 872 | impl_traits!([C] S10, A, B, C, D, E, F, G, H, I, J);
[INFO] [stdout]     | --------------------------------------------------- in this macro invocation
[INFO] [stdout]     |
[INFO] [stdout]     = note: this error originates in the macro `impl_traits` (in Nightly builds, run with -Z macro-backtrace for more info)
[INFO] [stdout] 
[INFO] [stdout] 
[INFO] [stdout] error: cannot find attribute `unwind` in this scope
[INFO] [stdout]    --> /opt/rustwide/cargo-home/registry/src/index.crates.io-6f17d22bba15001f/wasmer-runtime-core-near-0.17.1/src/typed_func.rs:617:37
[INFO] [stdout]     |
[INFO] [stdout] 617 |                 #[cfg_attr(nightly, unwind(allowed))]
[INFO] [stdout]     |                                     ^^^^^^
[INFO] [stdout] ...
[INFO] [stdout] 873 | impl_traits!([C] S11, A, B, C, D, E, F, G, H, I, J, K);
[INFO] [stdout]     | ------------------------------------------------------ in this macro invocation
[INFO] [stdout]     |
[INFO] [stdout]     = note: this error originates in the macro `impl_traits` (in Nightly builds, run with -Z macro-backtrace for more info)
[INFO] [stdout] 
[INFO] [stdout] 
[INFO] [stdout] error: cannot find attribute `unwind` in this scope
[INFO] [stdout]    --> /opt/rustwide/cargo-home/registry/src/index.crates.io-6f17d22bba15001f/wasmer-runtime-core-near-0.17.1/src/typed_func.rs:734:37
[INFO] [stdout]     |
[INFO] [stdout] 734 |                 #[cfg_attr(nightly, unwind(allowed))]
[INFO] [stdout]     |                                     ^^^^^^
[INFO] [stdout] ...
[INFO] [stdout] 873 | impl_traits!([C] S11, A, B, C, D, E, F, G, H, I, J, K);
[INFO] [stdout]     | ------------------------------------------------------ in this macro invocation
[INFO] [stdout]     |
[INFO] [stdout]     = note: this error originates in the macro `impl_traits` (in Nightly builds, run with -Z macro-backtrace for more info)
[INFO] [stdout] 
[INFO] [stdout] 
[INFO] [stdout] error: cannot find attribute `unwind` in this scope
[INFO] [stdout]    --> /opt/rustwide/cargo-home/registry/src/index.crates.io-6f17d22bba15001f/wasmer-runtime-core-near-0.17.1/src/typed_func.rs:617:37
[INFO] [stdout]     |
[INFO] [stdout] 617 |                 #[cfg_attr(nightly, unwind(allowed))]
[INFO] [stdout]     |                                     ^^^^^^
[INFO] [stdout] ...
[INFO] [stdout] 874 | impl_traits!([C] S12, A, B, C, D, E, F, G, H, I, J, K, L);
[INFO] [stdout]     | --------------------------------------------------------- in this macro invocation
[INFO] [stdout]     |
[INFO] [stdout]     = note: this error originates in the macro `impl_traits` (in Nightly builds, run with -Z macro-backtrace for more info)
[INFO] [stdout] 
[INFO] [stdout] 
[INFO] [stdout] error: cannot find attribute `unwind` in this scope
[INFO] [stdout]    --> /opt/rustwide/cargo-home/registry/src/index.crates.io-6f17d22bba15001f/wasmer-runtime-core-near-0.17.1/src/typed_func.rs:734:37
[INFO] [stdout]     |
[INFO] [stdout] 734 |                 #[cfg_attr(nightly, unwind(allowed))]
[INFO] [stdout]     |                                     ^^^^^^
[INFO] [stdout] ...
[INFO] [stdout] 874 | impl_traits!([C] S12, A, B, C, D, E, F, G, H, I, J, K, L);
[INFO] [stdout]     | --------------------------------------------------------- in this macro invocation
[INFO] [stdout]     |
[INFO] [stdout]     = note: this error originates in the macro `impl_traits` (in Nightly builds, run with -Z macro-backtrace for more info)
[INFO] [stdout] 
[INFO] [stdout] 
[INFO] [stdout] error: cannot find attribute `unwind` in this scope
[INFO] [stdout]    --> /opt/rustwide/cargo-home/registry/src/index.crates.io-6f17d22bba15001f/wasmer-runtime-core-near-0.17.1/src/typed_func.rs:617:37
[INFO] [stdout]     |
[INFO] [stdout] 617 |                 #[cfg_attr(nightly, unwind(allowed))]
[INFO] [stdout]     |                                     ^^^^^^
[INFO] [stdout] ...
[INFO] [stdout] 875 | impl_traits!([C] S13, A, B, C, D, E, F, G, H, I, J, K, L, M);
[INFO] [stdout]     | ------------------------------------------------------------ in this macro invocation
[INFO] [stdout]     |
[INFO] [stdout]     = note: this error originates in the macro `impl_traits` (in Nightly builds, run with -Z macro-backtrace for more info)
[INFO] [stdout] 
[INFO] [stdout] 
[INFO] [stdout] error: cannot find attribute `unwind` in this scope
[INFO] [stdout]    --> /opt/rustwide/cargo-home/registry/src/index.crates.io-6f17d22bba15001f/wasmer-runtime-core-near-0.17.1/src/typed_func.rs:734:37
[INFO] [stdout]     |
[INFO] [stdout] 734 |                 #[cfg_attr(nightly, unwind(allowed))]
[INFO] [stdout]     |                                     ^^^^^^
[INFO] [stdout] ...
[INFO] [stdout] 875 | impl_traits!([C] S13, A, B, C, D, E, F, G, H, I, J, K, L, M);
[INFO] [stdout]     | ------------------------------------------------------------ in this macro invocation
[INFO] [stdout]     |
[INFO] [stdout]     = note: this error originates in the macro `impl_traits` (in Nightly builds, run with -Z macro-backtrace for more info)
[INFO] [stdout] 
[INFO] [stdout] 
[INFO] [stdout] error: cannot find attribute `unwind` in this scope
[INFO] [stdout]    --> /opt/rustwide/cargo-home/registry/src/index.crates.io-6f17d22bba15001f/wasmer-runtime-core-near-0.17.1/src/typed_func.rs:617:37
[INFO] [stdout]     |
[INFO] [stdout] 617 |                 #[cfg_attr(nightly, unwind(allowed))]
[INFO] [stdout]     |                                     ^^^^^^
[INFO] [stdout] ...
[INFO] [stdout] 876 | impl_traits!([C] S14, A, B, C, D, E, F, G, H, I, J, K, L, M, N);
[INFO] [stdout]     | --------------------------------------------------------------- in this macro invocation
[INFO] [stdout]     |
[INFO] [stdout]     = note: this error originates in the macro `impl_traits` (in Nightly builds, run with -Z macro-backtrace for more info)
[INFO] [stdout] 
[INFO] [stdout] 
[INFO] [stdout] error: cannot find attribute `unwind` in this scope
[INFO] [stdout]    --> /opt/rustwide/cargo-home/registry/src/index.crates.io-6f17d22bba15001f/wasmer-runtime-core-near-0.17.1/src/typed_func.rs:734:37
[INFO] [stdout]     |
[INFO] [stdout] 734 |                 #[cfg_attr(nightly, unwind(allowed))]
[INFO] [stdout]     |                                     ^^^^^^
[INFO] [stdout] ...
[INFO] [stdout] 876 | impl_traits!([C] S14, A, B, C, D, E, F, G, H, I, J, K, L, M, N);
[INFO] [stdout]     | --------------------------------------------------------------- in this macro invocation
[INFO] [stdout]     |
[INFO] [stdout]     = note: this error originates in the macro `impl_traits` (in Nightly builds, run with -Z macro-backtrace for more info)
[INFO] [stdout] 
[INFO] [stdout] 
[INFO] [stdout] error: cannot find attribute `unwind` in this scope
[INFO] [stdout]    --> /opt/rustwide/cargo-home/registry/src/index.crates.io-6f17d22bba15001f/wasmer-runtime-core-near-0.17.1/src/typed_func.rs:617:37
[INFO] [stdout]     |
[INFO] [stdout] 617 |                 #[cfg_attr(nightly, unwind(allowed))]
[INFO] [stdout]     |                                     ^^^^^^
[INFO] [stdout] ...
[INFO] [stdout] 877 | impl_traits!([C] S15, A, B, C, D, E, F, G, H, I, J, K, L, M, N, O);
[INFO] [stdout]     | ------------------------------------------------------------------ in this macro invocation
[INFO] [stdout]     |
[INFO] [stdout]     = note: this error originates in the macro `impl_traits` (in Nightly builds, run with -Z macro-backtrace for more info)
[INFO] [stdout] 
[INFO] [stdout] 
[INFO] [stdout] error: cannot find attribute `unwind` in this scope
[INFO] [stdout]    --> /opt/rustwide/cargo-home/registry/src/index.crates.io-6f17d22bba15001f/wasmer-runtime-core-near-0.17.1/src/typed_func.rs:734:37
[INFO] [stdout]     |
[INFO] [stdout] 734 |                 #[cfg_attr(nightly, unwind(allowed))]
[INFO] [stdout]     |                                     ^^^^^^
[INFO] [stdout] ...
[INFO] [stdout] 877 | impl_traits!([C] S15, A, B, C, D, E, F, G, H, I, J, K, L, M, N, O);
[INFO] [stdout]     | ------------------------------------------------------------------ in this macro invocation
[INFO] [stdout]     |
[INFO] [stdout]     = note: this error originates in the macro `impl_traits` (in Nightly builds, run with -Z macro-backtrace for more info)
[INFO] [stdout] 
[INFO] [stdout] 
[INFO] [stdout] error: cannot find attribute `unwind` in this scope
[INFO] [stdout]    --> /opt/rustwide/cargo-home/registry/src/index.crates.io-6f17d22bba15001f/wasmer-runtime-core-near-0.17.1/src/typed_func.rs:617:37
[INFO] [stdout]     |
[INFO] [stdout] 617 |                 #[cfg_attr(nightly, unwind(allowed))]
[INFO] [stdout]     |                                     ^^^^^^
[INFO] [stdout] ...
[INFO] [stdout] 878 | impl_traits!([C] S16, A, B, C, D, E, F, G, H, I, J, K, L, M, N, O, P);
[INFO] [stdout]     | --------------------------------------------------------------------- in this macro invocation
[INFO] [stdout]     |
[INFO] [stdout]     = note: this error originates in the macro `impl_traits` (in Nightly builds, run with -Z macro-backtrace for more info)
[INFO] [stdout] 
[INFO] [stdout] 
[INFO] [stdout] error: cannot find attribute `unwind` in this scope
[INFO] [stdout]    --> /opt/rustwide/cargo-home/registry/src/index.crates.io-6f17d22bba15001f/wasmer-runtime-core-near-0.17.1/src/typed_func.rs:734:37
[INFO] [stdout]     |
[INFO] [stdout] 734 |                 #[cfg_attr(nightly, unwind(allowed))]
[INFO] [stdout]     |                                     ^^^^^^
[INFO] [stdout] ...
[INFO] [stdout] 878 | impl_traits!([C] S16, A, B, C, D, E, F, G, H, I, J, K, L, M, N, O, P);
[INFO] [stdout]     | --------------------------------------------------------------------- in this macro invocation
[INFO] [stdout]     |
[INFO] [stdout]     = note: this error originates in the macro `impl_traits` (in Nightly builds, run with -Z macro-backtrace for more info)
[INFO] [stdout] 
[INFO] [stdout] 
[INFO] [stdout] error: cannot find attribute `unwind` in this scope
[INFO] [stdout]    --> /opt/rustwide/cargo-home/registry/src/index.crates.io-6f17d22bba15001f/wasmer-runtime-core-near-0.17.1/src/typed_func.rs:617:37
[INFO] [stdout]     |
[INFO] [stdout] 617 |                 #[cfg_attr(nightly, unwind(allowed))]
[INFO] [stdout]     |                                     ^^^^^^
[INFO] [stdout] ...
[INFO] [stdout] 879 | impl_traits!([C] S17, A, B, C, D, E, F, G, H, I, J, K, L, M, N, O, P, Q);
[INFO] [stdout]     | ------------------------------------------------------------------------ in this macro invocation
[INFO] [stdout]     |
[INFO] [stdout]     = note: this error originates in the macro `impl_traits` (in Nightly builds, run with -Z macro-backtrace for more info)
[INFO] [stdout] 
[INFO] [stdout] 
[INFO] [stdout] error: cannot find attribute `unwind` in this scope
[INFO] [stdout]    --> /opt/rustwide/cargo-home/registry/src/index.crates.io-6f17d22bba15001f/wasmer-runtime-core-near-0.17.1/src/typed_func.rs:734:37
[INFO] [stdout]     |
[INFO] [stdout] 734 |                 #[cfg_attr(nightly, unwind(allowed))]
[INFO] [stdout]     |                                     ^^^^^^
[INFO] [stdout] ...
[INFO] [stdout] 879 | impl_traits!([C] S17, A, B, C, D, E, F, G, H, I, J, K, L, M, N, O, P, Q);
[INFO] [stdout]     | ------------------------------------------------------------------------ in this macro invocation
[INFO] [stdout]     |
[INFO] [stdout]     = note: this error originates in the macro `impl_traits` (in Nightly builds, run with -Z macro-backtrace for more info)
[INFO] [stdout] 
[INFO] [stdout] 
[INFO] [stdout] error: cannot find attribute `unwind` in this scope
[INFO] [stdout]    --> /opt/rustwide/cargo-home/registry/src/index.crates.io-6f17d22bba15001f/wasmer-runtime-core-near-0.17.1/src/typed_func.rs:617:37
[INFO] [stdout]     |
[INFO] [stdout] 617 |                 #[cfg_attr(nightly, unwind(allowed))]
[INFO] [stdout]     |                                     ^^^^^^
[INFO] [stdout] ...
[INFO] [stdout] 880 | impl_traits!([C] S18, A, B, C, D, E, F, G, H, I, J, K, L, M, N, O, P, Q, R);
[INFO] [stdout]     | --------------------------------------------------------------------------- in this macro invocation
[INFO] [stdout]     |
[INFO] [stdout]     = note: this error originates in the macro `impl_traits` (in Nightly builds, run with -Z macro-backtrace for more info)
[INFO] [stdout] 
[INFO] [stdout] 
[INFO] [stdout] error: cannot find attribute `unwind` in this scope
[INFO] [stdout]    --> /opt/rustwide/cargo-home/registry/src/index.crates.io-6f17d22bba15001f/wasmer-runtime-core-near-0.17.1/src/typed_func.rs:734:37
[INFO] [stdout]     |
[INFO] [stdout] 734 |                 #[cfg_attr(nightly, unwind(allowed))]
[INFO] [stdout]     |                                     ^^^^^^
[INFO] [stdout] ...
[INFO] [stdout] 880 | impl_traits!([C] S18, A, B, C, D, E, F, G, H, I, J, K, L, M, N, O, P, Q, R);
[INFO] [stdout]     | --------------------------------------------------------------------------- in this macro invocation
[INFO] [stdout]     |
[INFO] [stdout]     = note: this error originates in the macro `impl_traits` (in Nightly builds, run with -Z macro-backtrace for more info)
[INFO] [stdout] 
[INFO] [stdout] 
[INFO] [stdout] error: cannot find attribute `unwind` in this scope
[INFO] [stdout]    --> /opt/rustwide/cargo-home/registry/src/index.crates.io-6f17d22bba15001f/wasmer-runtime-core-near-0.17.1/src/typed_func.rs:617:37
[INFO] [stdout]     |
[INFO] [stdout] 617 |                 #[cfg_attr(nightly, unwind(allowed))]
[INFO] [stdout]     |                                     ^^^^^^
[INFO] [stdout] ...
[INFO] [stdout] 881 | impl_traits!([C] S19, A, B, C, D, E, F, G, H, I, J, K, L, M, N, O, P, Q, R, S);
[INFO] [stdout]     | ------------------------------------------------------------------------------ in this macro invocation
[INFO] [stdout]     |
[INFO] [stdout]     = note: this error originates in the macro `impl_traits` (in Nightly builds, run with -Z macro-backtrace for more info)
[INFO] [stdout] 
[INFO] [stdout] 
[INFO] [stdout] error: cannot find attribute `unwind` in this scope
[INFO] [stdout]    --> /opt/rustwide/cargo-home/registry/src/index.crates.io-6f17d22bba15001f/wasmer-runtime-core-near-0.17.1/src/typed_func.rs:734:37
[INFO] [stdout]     |
[INFO] [stdout] 734 |                 #[cfg_attr(nightly, unwind(allowed))]
[INFO] [stdout]     |                                     ^^^^^^
[INFO] [stdout] ...
[INFO] [stdout] 881 | impl_traits!([C] S19, A, B, C, D, E, F, G, H, I, J, K, L, M, N, O, P, Q, R, S);
[INFO] [stdout]     | ------------------------------------------------------------------------------ in this macro invocation
[INFO] [stdout]     |
[INFO] [stdout]     = note: this error originates in the macro `impl_traits` (in Nightly builds, run with -Z macro-backtrace for more info)
[INFO] [stdout] 
[INFO] [stdout] 
[INFO] [stdout] error: cannot find attribute `unwind` in this scope
[INFO] [stdout]    --> /opt/rustwide/cargo-home/registry/src/index.crates.io-6f17d22bba15001f/wasmer-runtime-core-near-0.17.1/src/typed_func.rs:617:37
[INFO] [stdout]     |
[INFO] [stdout] 617 |                 #[cfg_attr(nightly, unwind(allowed))]
[INFO] [stdout]     |                                     ^^^^^^
[INFO] [stdout] ...
[INFO] [stdout] 882 | impl_traits!([C] S20, A, B, C, D, E, F, G, H, I, J, K, L, M, N, O, P, Q, R, S, T);
[INFO] [stdout]     | --------------------------------------------------------------------------------- in this macro invocation
[INFO] [stdout]     |
[INFO] [stdout]     = note: this error originates in the macro `impl_traits` (in Nightly builds, run with -Z macro-backtrace for more info)
[INFO] [stdout] 
[INFO] [stdout] 
[INFO] [stdout] error: cannot find attribute `unwind` in this scope
[INFO] [stdout]    --> /opt/rustwide/cargo-home/registry/src/index.crates.io-6f17d22bba15001f/wasmer-runtime-core-near-0.17.1/src/typed_func.rs:734:37
[INFO] [stdout]     |
[INFO] [stdout] 734 |                 #[cfg_attr(nightly, unwind(allowed))]
[INFO] [stdout]     |                                     ^^^^^^
[INFO] [stdout] ...
[INFO] [stdout] 882 | impl_traits!([C] S20, A, B, C, D, E, F, G, H, I, J, K, L, M, N, O, P, Q, R, S, T);
[INFO] [stdout]     | --------------------------------------------------------------------------------- in this macro invocation
[INFO] [stdout]     |
[INFO] [stdout]     = note: this error originates in the macro `impl_traits` (in Nightly builds, run with -Z macro-backtrace for more info)
[INFO] [stdout] 
[INFO] [stdout] 
[INFO] [stdout] error: cannot find attribute `unwind` in this scope
[INFO] [stdout]    --> /opt/rustwide/cargo-home/registry/src/index.crates.io-6f17d22bba15001f/wasmer-runtime-core-near-0.17.1/src/typed_func.rs:617:37
[INFO] [stdout]     |
[INFO] [stdout] 617 |                 #[cfg_attr(nightly, unwind(allowed))]
[INFO] [stdout]     |                                     ^^^^^^
[INFO] [stdout] ...
[INFO] [stdout] 883 | impl_traits!([C] S21, A, B, C, D, E, F, G, H, I, J, K, L, M, N, O, P, Q, R, S, T, U);
[INFO] [stdout]     | ------------------------------------------------------------------------------------ in this macro invocation
[INFO] [stdout]     |
[INFO] [stdout]     = note: this error originates in the macro `impl_traits` (in Nightly builds, run with -Z macro-backtrace for more info)
[INFO] [stdout] 
[INFO] [stdout] 
[INFO] [stdout] error: cannot find attribute `unwind` in this scope
[INFO] [stdout]    --> /opt/rustwide/cargo-home/registry/src/index.crates.io-6f17d22bba15001f/wasmer-runtime-core-near-0.17.1/src/typed_func.rs:734:37
[INFO] [stdout]     |
[INFO] [stdout] 734 |                 #[cfg_attr(nightly, unwind(allowed))]
[INFO] [stdout]     |                                     ^^^^^^
[INFO] [stdout] ...
[INFO] [stdout] 883 | impl_traits!([C] S21, A, B, C, D, E, F, G, H, I, J, K, L, M, N, O, P, Q, R, S, T, U);
[INFO] [stdout]     | ------------------------------------------------------------------------------------ in this macro invocation
[INFO] [stdout]     |
[INFO] [stdout]     = note: this error originates in the macro `impl_traits` (in Nightly builds, run with -Z macro-backtrace for more info)
[INFO] [stdout] 
[INFO] [stdout] 
[INFO] [stdout] error: cannot find attribute `unwind` in this scope
[INFO] [stdout]    --> /opt/rustwide/cargo-home/registry/src/index.crates.io-6f17d22bba15001f/wasmer-runtime-core-near-0.17.1/src/typed_func.rs:617:37
[INFO] [stdout]     |
[INFO] [stdout] 617 |                 #[cfg_attr(nightly, unwind(allowed))]
[INFO] [stdout]     |                                     ^^^^^^
[INFO] [stdout] ...
[INFO] [stdout] 884 | impl_traits!([C] S22, A, B, C, D, E, F, G, H, I, J, K, L, M, N, O, P, Q, R, S, T, U, V);
[INFO] [stdout]     | --------------------------------------------------------------------------------------- in this macro invocation
[INFO] [stdout]     |
[INFO] [stdout]     = note: this error originates in the macro `impl_traits` (in Nightly builds, run with -Z macro-backtrace for more info)
[INFO] [stdout] 
[INFO] [stdout] 
[INFO] [stdout] error: cannot find attribute `unwind` in this scope
[INFO] [stdout]    --> /opt/rustwide/cargo-home/registry/src/index.crates.io-6f17d22bba15001f/wasmer-runtime-core-near-0.17.1/src/typed_func.rs:734:37
[INFO] [stdout]     |
[INFO] [stdout] 734 |                 #[cfg_attr(nightly, unwind(allowed))]
[INFO] [stdout]     |                                     ^^^^^^
[INFO] [stdout] ...
[INFO] [stdout] 884 | impl_traits!([C] S22, A, B, C, D, E, F, G, H, I, J, K, L, M, N, O, P, Q, R, S, T, U, V);
[INFO] [stdout]     | --------------------------------------------------------------------------------------- in this macro invocation
[INFO] [stdout]     |
[INFO] [stdout]     = note: this error originates in the macro `impl_traits` (in Nightly builds, run with -Z macro-backtrace for more info)
[INFO] [stdout] 
[INFO] [stdout] 
[INFO] [stdout] error: cannot find attribute `unwind` in this scope
[INFO] [stdout]    --> /opt/rustwide/cargo-home/registry/src/index.crates.io-6f17d22bba15001f/wasmer-runtime-core-near-0.17.1/src/typed_func.rs:617:37
[INFO] [stdout]     |
[INFO] [stdout] 617 |                 #[cfg_attr(nightly, unwind(allowed))]
[INFO] [stdout]     |                                     ^^^^^^
[INFO] [stdout] ...
[INFO] [stdout] 885 | impl_traits!([C] S23, A, B, C, D, E, F, G, H, I, J, K, L, M, N, O, P, Q, R, S, T, U, V, W);
[INFO] [stdout]     | ------------------------------------------------------------------------------------------ in this macro invocation
[INFO] [stdout]     |
[INFO] [stdout]     = note: this error originates in the macro `impl_traits` (in Nightly builds, run with -Z macro-backtrace for more info)
[INFO] [stdout] 
[INFO] [stdout] 
[INFO] [stdout] error: cannot find attribute `unwind` in this scope
[INFO] [stdout]    --> /opt/rustwide/cargo-home/registry/src/index.crates.io-6f17d22bba15001f/wasmer-runtime-core-near-0.17.1/src/typed_func.rs:734:37
[INFO] [stdout]     |
[INFO] [stdout] 734 |                 #[cfg_attr(nightly, unwind(allowed))]
[INFO] [stdout]     |                                     ^^^^^^
[INFO] [stdout] ...
[INFO] [stdout] 885 | impl_traits!([C] S23, A, B, C, D, E, F, G, H, I, J, K, L, M, N, O, P, Q, R, S, T, U, V, W);
[INFO] [stdout]     | ------------------------------------------------------------------------------------------ in this macro invocation
[INFO] [stdout]     |
[INFO] [stdout]     = note: this error originates in the macro `impl_traits` (in Nightly builds, run with -Z macro-backtrace for more info)
[INFO] [stdout] 
[INFO] [stdout] 
[INFO] [stdout] error: cannot find attribute `unwind` in this scope
[INFO] [stdout]    --> /opt/rustwide/cargo-home/registry/src/index.crates.io-6f17d22bba15001f/wasmer-runtime-core-near-0.17.1/src/typed_func.rs:617:37
[INFO] [stdout]     |
[INFO] [stdout] 617 |                 #[cfg_attr(nightly, unwind(allowed))]
[INFO] [stdout]     |                                     ^^^^^^
[INFO] [stdout] ...
[INFO] [stdout] 886 | impl_traits!([C] S24, A, B, C, D, E, F, G, H, I, J, K, L, M, N, O, P, Q, R, S, T, U, V, W, X);
[INFO] [stdout]     | --------------------------------------------------------------------------------------------- in this macro invocation
[INFO] [stdout]     |
[INFO] [stdout]     = note: this error originates in the macro `impl_traits` (in Nightly builds, run with -Z macro-backtrace for more info)
[INFO] [stdout] 
[INFO] [stdout] 
[INFO] [stdout] error: cannot find attribute `unwind` in this scope
[INFO] [stdout]    --> /opt/rustwide/cargo-home/registry/src/index.crates.io-6f17d22bba15001f/wasmer-runtime-core-near-0.17.1/src/typed_func.rs:734:37
[INFO] [stdout]     |
[INFO] [stdout] 734 |                 #[cfg_attr(nightly, unwind(allowed))]
[INFO] [stdout]     |                                     ^^^^^^
[INFO] [stdout] ...
[INFO] [stdout] 886 | impl_traits!([C] S24, A, B, C, D, E, F, G, H, I, J, K, L, M, N, O, P, Q, R, S, T, U, V, W, X);
[INFO] [stdout]     | --------------------------------------------------------------------------------------------- in this macro invocation
[INFO] [stdout]     |
[INFO] [stdout]     = note: this error originates in the macro `impl_traits` (in Nightly builds, run with -Z macro-backtrace for more info)
[INFO] [stdout] 
[INFO] [stdout] 
[INFO] [stdout] error: cannot find attribute `unwind` in this scope
[INFO] [stdout]    --> /opt/rustwide/cargo-home/registry/src/index.crates.io-6f17d22bba15001f/wasmer-runtime-core-near-0.17.1/src/typed_func.rs:617:37
[INFO] [stdout]     |
[INFO] [stdout] 617 |                 #[cfg_attr(nightly, unwind(allowed))]
[INFO] [stdout]     |                                     ^^^^^^
[INFO] [stdout] ...
[INFO] [stdout] 887 | impl_traits!([C] S25, A, B, C, D, E, F, G, H, I, J, K, L, M, N, O, P, Q, R, S, T, U, V, W, X, Y);
[INFO] [stdout]     | ------------------------------------------------------------------------------------------------ in this macro invocation
[INFO] [stdout]     |
[INFO] [stdout]     = note: this error originates in the macro `impl_traits` (in Nightly builds, run with -Z macro-backtrace for more info)
[INFO] [stdout] 
[INFO] [stdout] 
[INFO] [stdout] error: cannot find attribute `unwind` in this scope
[INFO] [stdout]    --> /opt/rustwide/cargo-home/registry/src/index.crates.io-6f17d22bba15001f/wasmer-runtime-core-near-0.17.1/src/typed_func.rs:734:37
[INFO] [stdout]     |
[INFO] [stdout] 734 |                 #[cfg_attr(nightly, unwind(allowed))]
[INFO] [stdout]     |                                     ^^^^^^
[INFO] [stdout] ...
[INFO] [stdout] 887 | impl_traits!([C] S25, A, B, C, D, E, F, G, H, I, J, K, L, M, N, O, P, Q, R, S, T, U, V, W, X, Y);
[INFO] [stdout]     | ------------------------------------------------------------------------------------------------ in this macro invocation
[INFO] [stdout]     |
[INFO] [stdout]     = note: this error originates in the macro `impl_traits` (in Nightly builds, run with -Z macro-backtrace for more info)
[INFO] [stdout] 
[INFO] [stdout] 
[INFO] [stdout] error: cannot find attribute `unwind` in this scope
[INFO] [stdout]    --> /opt/rustwide/cargo-home/registry/src/index.crates.io-6f17d22bba15001f/wasmer-runtime-core-near-0.17.1/src/typed_func.rs:617:37
[INFO] [stdout]     |
[INFO] [stdout] 617 |                 #[cfg_attr(nightly, unwind(allowed))]
[INFO] [stdout]     |                                     ^^^^^^
[INFO] [stdout] ...
[INFO] [stdout] 888 | impl_traits!([C] S26, A, B, C, D, E, F, G, H, I, J, K, L, M, N, O, P, Q, R, S, T, U, V, W, X, Y, Z);
[INFO] [stdout]     | --------------------------------------------------------------------------------------------------- in this macro invocation
[INFO] [stdout]     |
[INFO] [stdout]     = note: this error originates in the macro `impl_traits` (in Nightly builds, run with -Z macro-backtrace for more info)
[INFO] [stdout] 
[INFO] [stdout] 
[INFO] [stdout] error: cannot find attribute `unwind` in this scope
[INFO] [stdout]    --> /opt/rustwide/cargo-home/registry/src/index.crates.io-6f17d22bba15001f/wasmer-runtime-core-near-0.17.1/src/typed_func.rs:734:37
[INFO] [stdout]     |
[INFO] [stdout] 734 |                 #[cfg_attr(nightly, unwind(allowed))]
[INFO] [stdout]     |                                     ^^^^^^
[INFO] [stdout] ...
[INFO] [stdout] 888 | impl_traits!([C] S26, A, B, C, D, E, F, G, H, I, J, K, L, M, N, O, P, Q, R, S, T, U, V, W, X, Y, Z);
[INFO] [stdout]     | --------------------------------------------------------------------------------------------------- in this macro invocation
[INFO] [stdout]     |
[INFO] [stdout]     = note: this error originates in the macro `impl_traits` (in Nightly builds, run with -Z macro-backtrace for more info)
[INFO] [stdout] 
[INFO] [stdout] 
[INFO] [stderr]     Checking wasmer-engine v1.0.2
[INFO] [stderr]     Checking wasmer-object v1.0.2
[INFO] [stderr]     Checking wasmer-compiler-singlepass v1.0.2
[INFO] [stderr] The following warnings were emitted during compilation:
[INFO] [stderr] 
[INFO] [stderr] warning: c++: fatal error: Killed signal terminated program cc1plus
[INFO] [stderr] warning: compilation terminated.
[INFO] [stderr] warning: c++: fatal error: Killed signal terminated program cc1plus
[INFO] [stderr] warning: compilation terminated.
[INFO] [stderr] warning: c++: fatal error: Killed signal terminated program cc1plus
[INFO] [stderr] warning: compilation terminated.
[INFO] [stderr] warning: c++: fatal error: Killed signal terminated program cc1plus
[INFO] [stderr] warning: compilation terminated.
[INFO] [stderr] warning: c++: fatal error: Killed signal terminated program cc1plus
[INFO] [stderr] warning: compilation terminated.
[INFO] [stderr] warning: c++: fatal error: Killed signal terminated program cc1plus
[INFO] [stderr] warning: compilation terminated.
[INFO] [stderr] warning: c++: fatal error: Killed signal terminated program cc1plus
[INFO] [stderr] warning: compilation terminated.
[INFO] [stderr] warning: c++: fatal error: Killed signal terminated program cc1plus
[INFO] [stderr] warning: compilation terminated.
[INFO] [stderr] warning: c++: fatal error: Killed signal terminated program cc1plus
[INFO] [stderr] warning: compilation terminated.
[INFO] [stderr] 
[INFO] [stderr] error: failed to run custom build command for `librocksdb-sys v6.11.4`
[INFO] [stderr] note: To improve backtraces for build dependencies, set the CARGO_PROFILE_DEV_BUILD_OVERRIDE_DEBUG=true environment variable to enable debug information generation.
[INFO] [stderr] 
[INFO] [stderr] Caused by:
[INFO] [stderr]   process didn't exit successfully: `/opt/rustwide/target/debug/build/librocksdb-sys-875af053ca44d234/build-script-build` (exit status: 1)
[INFO] [stderr]   --- stdout
[INFO] [stderr]   cargo:rerun-if-changed=rocksdb/
[INFO] [stderr]   TARGET = Some("x86_64-unknown-linux-gnu")
[INFO] [stderr]   OPT_LEVEL = Some("0")
[INFO] [stderr]   HOST = Some("x86_64-unknown-linux-gnu")
[INFO] [stderr]   CXX_x86_64-unknown-linux-gnu = None
[INFO] [stderr]   CXX_x86_64_unknown_linux_gnu = None
[INFO] [stderr]   HOST_CXX = None
[INFO] [stderr]   CXX = None
[INFO] [stderr]   CXXFLAGS_x86_64-unknown-linux-gnu = None
[INFO] [stderr]   CXXFLAGS_x86_64_unknown_linux_gnu = None
[INFO] [stderr]   HOST_CXXFLAGS = None
[INFO] [stderr]   CXXFLAGS = None
[INFO] [stderr]   CRATE_CC_NO_DEFAULTS = None
[INFO] [stderr]   DEBUG = Some("true")
[INFO] [stderr]   CARGO_CFG_TARGET_FEATURE = Some("fxsr,sse,sse2")
[INFO] [stderr]   CXX_x86_64-unknown-linux-gnu = None
[INFO] [stderr]   CXX_x86_64_unknown_linux_gnu = None
[INFO] [stderr]   HOST_CXX = None
[INFO] [stderr]   CXX = None
[INFO] [stderr]   CXXFLAGS_x86_64-unknown-linux-gnu = None
[INFO] [stderr]   CXXFLAGS_x86_64_unknown_linux_gnu = None
[INFO] [stderr]   HOST_CXXFLAGS = None
[INFO] [stderr]   CXXFLAGS = None
[INFO] [stderr]   CRATE_CC_NO_DEFAULTS = None
[INFO] [stderr]   CARGO_CFG_TARGET_FEATURE = Some("fxsr,sse,sse2")
[INFO] [stderr]   CXX_x86_64-unknown-linux-gnu = None
[INFO] [stderr]   CXX_x86_64_unknown_linux_gnu = None
[INFO] [stderr]   HOST_CXX = None
[INFO] [stderr]   CXX = None
[INFO] [stderr]   CXXFLAGS_x86_64-unknown-linux-gnu = None
[INFO] [stderr]   CXXFLAGS_x86_64_unknown_linux_gnu = None
[INFO] [stderr]   HOST_CXXFLAGS = None
[INFO] [stderr]   CXXFLAGS = None
[INFO] [stderr]   CRATE_CC_NO_DEFAULTS = None
[INFO] [stderr]   CARGO_CFG_TARGET_FEATURE = Some("fxsr,sse,sse2")
[INFO] [stderr]   CXX_x86_64-unknown-linux-gnu = None
[INFO] [stderr]   CXX_x86_64_unknown_linux_gnu = None
[INFO] [stderr]   HOST_CXX = None
[INFO] [stderr]   CXX = None
[INFO] [stderr]   CXXFLAGS_x86_64-unknown-linux-gnu = None
[INFO] [stderr]   CXXFLAGS_x86_64_unknown_linux_gnu = None
[INFO] [stderr]   HOST_CXXFLAGS = None
[INFO] [stderr]   CXXFLAGS = None
[INFO] [stderr]   CRATE_CC_NO_DEFAULTS = None
[INFO] [stderr]   CARGO_CFG_TARGET_FEATURE = Some("fxsr,sse,sse2")
[INFO] [stderr]   CXX_x86_64-unknown-linux-gnu = None
[INFO] [stderr]   CXX_x86_64_unknown_linux_gnu = None
[INFO] [stderr]   HOST_CXX = None
[INFO] [stderr]   CXX = None
[INFO] [stderr]   CXXFLAGS_x86_64-unknown-linux-gnu = None
[INFO] [stderr]   CXXFLAGS_x86_64_unknown_linux_gnu = None
[INFO] [stderr]   HOST_CXXFLAGS = None
[INFO] [stderr]   CXXFLAGS = None
[INFO] [stderr]   CRATE_CC_NO_DEFAULTS = None
[INFO] [stderr]   CARGO_CFG_TARGET_FEATURE = Some("fxsr,sse,sse2")
[INFO] [stderr]   running: "c++" "-O0" "-ffunction-sections" "-fdata-sections" "-fPIC" "-g" "-fno-omit-frame-pointer" "-m64" "-I" "rocksdb/include/" "-I" "rocksdb/" "-I" "rocksdb/third-party/gtest-1.8.1/fused-src/" "-I" "snappy/" "-I" "lz4/lib/" "-I" "zstd/lib/" "-I" "zstd/lib/dictBuilder/" "-I" "zlib/" "-I" "bzip2/" "-I" "." "-Wall" "-Wextra" "-std=c++11" "-Wno-unused-parameter" "-msse2" "-msse4.1" "-msse4.2" "-mpclmul" "-DSNAPPY=1" "-DLZ4=1" "-DZSTD=1" "-DZLIB=1" "-DBZIP2=1" "-DNDEBUG=1" "-DHAVE_SSE42=1" "-DHAVE_PCLMUL=1" "-DOS_LINUX=1" "-DROCKSDB_PLATFORM_POSIX=1" "-DROCKSDB_LIB_IO_POSIX=1" "-o" "/opt/rustwide/target/debug/build/librocksdb-sys-79fb29b649a14276/out/rocksdb/cache/clock_cache.o" "-c" "rocksdb/cache/clock_cache.cc"
[INFO] [stderr]   running: "c++" "-O0" "-ffunction-sections" "-fdata-sections" "-fPIC" "-g" "-fno-omit-frame-pointer" "-m64" "-I" "rocksdb/include/" "-I" "rocksdb/" "-I" "rocksdb/third-party/gtest-1.8.1/fused-src/" "-I" "snappy/" "-I" "lz4/lib/" "-I" "zstd/lib/" "-I" "zstd/lib/dictBuilder/" "-I" "zlib/" "-I" "bzip2/" "-I" "." "-Wall" "-Wextra" "-std=c++11" "-Wno-unused-parameter" "-msse2" "-msse4.1" "-msse4.2" "-mpclmul" "-DSNAPPY=1" "-DLZ4=1" "-DZSTD=1" "-DZLIB=1" "-DBZIP2=1" "-DNDEBUG=1" "-DHAVE_SSE42=1" "-DHAVE_PCLMUL=1" "-DOS_LINUX=1" "-DROCKSDB_PLATFORM_POSIX=1" "-DROCKSDB_LIB_IO_POSIX=1" "-o" "/opt/rustwide/target/debug/build/librocksdb-sys-79fb29b649a14276/out/rocksdb/db/blob/blob_file_garbage.o" "-c" "rocksdb/db/blob/blob_file_garbage.cc"
[INFO] [stderr]   running: "c++" "-O0" "-ffunction-sections" "-fdata-sections" "-fPIC" "-g" "-fno-omit-frame-pointer" "-m64" "-I" "rocksdb/include/" "-I" "rocksdb/" "-I" "rocksdb/third-party/gtest-1.8.1/fused-src/" "-I" "snappy/" "-I" "lz4/lib/" "-I" "zstd/lib/" "-I" "zstd/lib/dictBuilder/" "-I" "zlib/" "-I" "bzip2/" "-I" "." "-Wall" "-Wextra" "-std=c++11" "-Wno-unused-parameter" "-msse2" "-msse4.1" "-msse4.2" "-mpclmul" "-DSNAPPY=1" "-DLZ4=1" "-DZSTD=1" "-DZLIB=1" "-DBZIP2=1" "-DNDEBUG=1" "-DHAVE_SSE42=1" "-DHAVE_PCLMUL=1" "-DOS_LINUX=1" "-DROCKSDB_PLATFORM_POSIX=1" "-DROCKSDB_LIB_IO_POSIX=1" "-o" "/opt/rustwide/target/debug/build/librocksdb-sys-79fb29b649a14276/out/rocksdb/cache/sharded_cache.o" "-c" "rocksdb/cache/sharded_cache.cc"
[INFO] [stderr]   running: "c++" "-O0" "-ffunction-sections" "-fdata-sections" "-fPIC" "-g" "-fno-omit-frame-pointer" "-m64" "-I" "rocksdb/include/" "-I" "rocksdb/" "-I" "rocksdb/third-party/gtest-1.8.1/fused-src/" "-I" "snappy/" "-I" "lz4/lib/" "-I" "zstd/lib/" "-I" "zstd/lib/dictBuilder/" "-I" "zlib/" "-I" "bzip2/" "-I" "." "-Wall" "-Wextra" "-std=c++11" "-Wno-unused-parameter" "-msse2" "-msse4.1" "-msse4.2" "-mpclmul" "-DSNAPPY=1" "-DLZ4=1" "-DZSTD=1" "-DZLIB=1" "-DBZIP2=1" "-DNDEBUG=1" "-DHAVE_SSE42=1" "-DHAVE_PCLMUL=1" "-DOS_LINUX=1" "-DROCKSDB_PLATFORM_POSIX=1" "-DROCKSDB_LIB_IO_POSIX=1" "-o" "/opt/rustwide/target/debug/build/librocksdb-sys-79fb29b649a14276/out/rocksdb/cache/lru_cache.o" "-c" "rocksdb/cache/lru_cache.cc"
[INFO] [stderr]   running: "c++" "-O0" "-ffunction-sections" "-fdata-sections" "-fPIC" "-g" "-fno-omit-frame-pointer" "-m64" "-I" "rocksdb/include/" "-I" "rocksdb/" "-I" "rocksdb/third-party/gtest-1.8.1/fused-src/" "-I" "snappy/" "-I" "lz4/lib/" "-I" "zstd/lib/" "-I" "zstd/lib/dictBuilder/" "-I" "zlib/" "-I" "bzip2/" "-I" "." "-Wall" "-Wextra" "-std=c++11" "-Wno-unused-parameter" "-msse2" "-msse4.1" "-msse4.2" "-mpclmul" "-DSNAPPY=1" "-DLZ4=1" "-DZSTD=1" "-DZLIB=1" "-DBZIP2=1" "-DNDEBUG=1" "-DHAVE_SSE42=1" "-DHAVE_PCLMUL=1" "-DOS_LINUX=1" "-DROCKSDB_PLATFORM_POSIX=1" "-DROCKSDB_LIB_IO_POSIX=1" "-o" "/opt/rustwide/target/debug/build/librocksdb-sys-79fb29b649a14276/out/rocksdb/db/blob/blob_log_reader.o" "-c" "rocksdb/db/blob/blob_log_reader.cc"
[INFO] [stderr]   running: "c++" "-O0" "-ffunction-sections" "-fdata-sections" "-fPIC" "-g" "-fno-omit-frame-pointer" "-m64" "-I" "rocksdb/include/" "-I" "rocksdb/" "-I" "rocksdb/third-party/gtest-1.8.1/fused-src/" "-I" "snappy/" "-I" "lz4/lib/" "-I" "zstd/lib/" "-I" "zstd/lib/dictBuilder/" "-I" "zlib/" "-I" "bzip2/" "-I" "." "-Wall" "-Wextra" "-std=c++11" "-Wno-unused-parameter" "-msse2" "-msse4.1" "-msse4.2" "-mpclmul" "-DSNAPPY=1" "-DLZ4=1" "-DZSTD=1" "-DZLIB=1" "-DBZIP2=1" "-DNDEBUG=1" "-DHAVE_SSE42=1" "-DHAVE_PCLMUL=1" "-DOS_LINUX=1" "-DROCKSDB_PLATFORM_POSIX=1" "-DROCKSDB_LIB_IO_POSIX=1" "-o" "/opt/rustwide/target/debug/build/librocksdb-sys-79fb29b649a14276/out/rocksdb/cache/cache.o" "-c" "rocksdb/cache/cache.cc"
[INFO] [stderr]   running: "c++" "-O0" "-ffunction-sections" "-fdata-sections" "-fPIC" "-g" "-fno-omit-frame-pointer" "-m64" "-I" "rocksdb/include/" "-I" "rocksdb/" "-I" "rocksdb/third-party/gtest-1.8.1/fused-src/" "-I" "snappy/" "-I" "lz4/lib/" "-I" "zstd/lib/" "-I" "zstd/lib/dictBuilder/" "-I" "zlib/" "-I" "bzip2/" "-I" "." "-Wall" "-Wextra" "-std=c++11" "-Wno-unused-parameter" "-msse2" "-msse4.1" "-msse4.2" "-mpclmul" "-DSNAPPY=1" "-DLZ4=1" "-DZSTD=1" "-DZLIB=1" "-DBZIP2=1" "-DNDEBUG=1" "-DHAVE_SSE42=1" "-DHAVE_PCLMUL=1" "-DOS_LINUX=1" "-DROCKSDB_PLATFORM_POSIX=1" "-DROCKSDB_LIB_IO_POSIX=1" "-o" "/opt/rustwide/target/debug/build/librocksdb-sys-79fb29b649a14276/out/rocksdb/db/blob/blob_log_writer.o" "-c" "rocksdb/db/blob/blob_log_writer.cc"
[INFO] [stderr]   running: "c++" "-O0" "-ffunction-sections" "-fdata-sections" "-fPIC" "-g" "-fno-omit-frame-pointer" "-m64" "-I" "rocksdb/include/" "-I" "rocksdb/" "-I" "rocksdb/third-party/gtest-1.8.1/fused-src/" "-I" "snappy/" "-I" "lz4/lib/" "-I" "zstd/lib/" "-I" "zstd/lib/dictBuilder/" "-I" "zlib/" "-I" "bzip2/" "-I" "." "-Wall" "-Wextra" "-std=c++11" "-Wno-unused-parameter" "-msse2" "-msse4.1" "-msse4.2" "-mpclmul" "-DSNAPPY=1" "-DLZ4=1" "-DZSTD=1" "-DZLIB=1" "-DBZIP2=1" "-DNDEBUG=1" "-DHAVE_SSE42=1" "-DHAVE_PCLMUL=1" "-DOS_LINUX=1" "-DROCKSDB_PLATFORM_POSIX=1" "-DROCKSDB_LIB_IO_POSIX=1" "-o" "/opt/rustwide/target/debug/build/librocksdb-sys-79fb29b649a14276/out/rocksdb/db/blob/blob_file_addition.o" "-c" "rocksdb/db/blob/blob_file_addition.cc"
[INFO] [stderr]   running: "c++" "-O0" "-ffunction-sections" "-fdata-sections" "-fPIC" "-g" "-fno-omit-frame-pointer" "-m64" "-I" "rocksdb/include/" "-I" "rocksdb/" "-I" "rocksdb/third-party/gtest-1.8.1/fused-src/" "-I" "snappy/" "-I" "lz4/lib/" "-I" "zstd/lib/" "-I" "zstd/lib/dictBuilder/" "-I" "zlib/" "-I" "bzip2/" "-I" "." "-Wall" "-Wextra" "-std=c++11" "-Wno-unused-parameter" "-msse2" "-msse4.1" "-msse4.2" "-mpclmul" "-DSNAPPY=1" "-DLZ4=1" "-DZSTD=1" "-DZLIB=1" "-DBZIP2=1" "-DNDEBUG=1" "-DHAVE_SSE42=1" "-DHAVE_PCLMUL=1" "-DOS_LINUX=1" "-DROCKSDB_PLATFORM_POSIX=1" "-DROCKSDB_LIB_IO_POSIX=1" "-o" "/opt/rustwide/target/debug/build/librocksdb-sys-79fb29b649a14276/out/rocksdb/db/blob/blob_log_format.o" "-c" "rocksdb/db/blob/blob_log_format.cc"
[INFO] [stderr]   running: "c++" "-O0" "-ffunction-sections" "-fdata-sections" "-fPIC" "-g" "-fno-omit-frame-pointer" "-m64" "-I" "rocksdb/include/" "-I" "rocksdb/" "-I" "rocksdb/third-party/gtest-1.8.1/fused-src/" "-I" "snappy/" "-I" "lz4/lib/" "-I" "zstd/lib/" "-I" "zstd/lib/dictBuilder/" "-I" "zlib/" "-I" "bzip2/" "-I" "." "-Wall" "-Wextra" "-std=c++11" "-Wno-unused-parameter" "-msse2" "-msse4.1" "-msse4.2" "-mpclmul" "-DSNAPPY=1" "-DLZ4=1" "-DZSTD=1" "-DZLIB=1" "-DBZIP2=1" "-DNDEBUG=1" "-DHAVE_SSE42=1" "-DHAVE_PCLMUL=1" "-DOS_LINUX=1" "-DROCKSDB_PLATFORM_POSIX=1" "-DROCKSDB_LIB_IO_POSIX=1" "-o" "/opt/rustwide/target/debug/build/librocksdb-sys-79fb29b649a14276/out/rocksdb/db/arena_wrapped_db_iter.o" "-c" "rocksdb/db/arena_wrapped_db_iter.cc"
[INFO] [stderr]   running: "c++" "-O0" "-ffunction-sections" "-fdata-sections" "-fPIC" "-g" "-fno-omit-frame-pointer" "-m64" "-I" "rocksdb/include/" "-I" "rocksdb/" "-I" "rocksdb/third-party/gtest-1.8.1/fused-src/" "-I" "snappy/" "-I" "lz4/lib/" "-I" "zstd/lib/" "-I" "zstd/lib/dictBuilder/" "-I" "zlib/" "-I" "bzip2/" "-I" "." "-Wall" "-Wextra" "-std=c++11" "-Wno-unused-parameter" "-msse2" "-msse4.1" "-msse4.2" "-mpclmul" "-DSNAPPY=1" "-DLZ4=1" "-DZSTD=1" "-DZLIB=1" "-DBZIP2=1" "-DNDEBUG=1" "-DHAVE_SSE42=1" "-DHAVE_PCLMUL=1" "-DOS_LINUX=1" "-DROCKSDB_PLATFORM_POSIX=1" "-DROCKSDB_LIB_IO_POSIX=1" "-o" "/opt/rustwide/target/debug/build/librocksdb-sys-79fb29b649a14276/out/rocksdb/db/blob/blob_file_meta.o" "-c" "rocksdb/db/blob/blob_file_meta.cc"
[INFO] [stderr]   running: "c++" "-O0" "-ffunction-sections" "-fdata-sections" "-fPIC" "-g" "-fno-omit-frame-pointer" "-m64" "-I" "rocksdb/include/" "-I" "rocksdb/" "-I" "rocksdb/third-party/gtest-1.8.1/fused-src/" "-I" "snappy/" "-I" "lz4/lib/" "-I" "zstd/lib/" "-I" "zstd/lib/dictBuilder/" "-I" "zlib/" "-I" "bzip2/" "-I" "." "-Wall" "-Wextra" "-std=c++11" "-Wno-unused-parameter" "-msse2" "-msse4.1" "-msse4.2" "-mpclmul" "-DSNAPPY=1" "-DLZ4=1" "-DZSTD=1" "-DZLIB=1" "-DBZIP2=1" "-DNDEBUG=1" "-DHAVE_SSE42=1" "-DHAVE_PCLMUL=1" "-DOS_LINUX=1" "-DROCKSDB_PLATFORM_POSIX=1" "-DROCKSDB_LIB_IO_POSIX=1" "-o" "/opt/rustwide/target/debug/build/librocksdb-sys-79fb29b649a14276/out/rocksdb/db/builder.o" "-c" "rocksdb/db/builder.cc"
[INFO] [stderr]   exit status: 0
[INFO] [stderr]   exit status: 0
[INFO] [stderr]   running: "c++" "-O0" "-ffunction-sections" "-fdata-sections" "-fPIC" "-g" "-fno-omit-frame-pointer" "-m64" "-I" "rocksdb/include/" "-I" "rocksdb/" "-I" "rocksdb/third-party/gtest-1.8.1/fused-src/" "-I" "snappy/" "-I" "lz4/lib/" "-I" "zstd/lib/" "-I" "zstd/lib/dictBuilder/" "-I" "zlib/" "-I" "bzip2/" "-I" "." "-Wall" "-Wextra" "-std=c++11" "-Wno-unused-parameter" "-msse2" "-msse4.1" "-msse4.2" "-mpclmul" "-DSNAPPY=1" "-DLZ4=1" "-DZSTD=1" "-DZLIB=1" "-DBZIP2=1" "-DNDEBUG=1" "-DHAVE_SSE42=1" "-DHAVE_PCLMUL=1" "-DOS_LINUX=1" "-DROCKSDB_PLATFORM_POSIX=1" "-DROCKSDB_LIB_IO_POSIX=1" "-o" "/opt/rustwide/target/debug/build/librocksdb-sys-79fb29b649a14276/out/rocksdb/db/c.o" "-c" "rocksdb/db/c.cc"
[INFO] [stderr]   exit status: 0
[INFO] [stderr]   running: "c++" "-O0" "-ffunction-sections" "-fdata-sections" "-fPIC" "-g" "-fno-omit-frame-pointer" "-m64" "-I" "rocksdb/include/" "-I" "rocksdb/" "-I" "rocksdb/third-party/gtest-1.8.1/fused-src/" "-I" "snappy/" "-I" "lz4/lib/" "-I" "zstd/lib/" "-I" "zstd/lib/dictBuilder/" "-I" "zlib/" "-I" "bzip2/" "-I" "." "-Wall" "-Wextra" "-std=c++11" "-Wno-unused-parameter" "-msse2" "-msse4.1" "-msse4.2" "-mpclmul" "-DSNAPPY=1" "-DLZ4=1" "-DZSTD=1" "-DZLIB=1" "-DBZIP2=1" "-DNDEBUG=1" "-DHAVE_SSE42=1" "-DHAVE_PCLMUL=1" "-DOS_LINUX=1" "-DROCKSDB_PLATFORM_POSIX=1" "-DROCKSDB_LIB_IO_POSIX=1" "-o" "/opt/rustwide/target/debug/build/librocksdb-sys-79fb29b649a14276/out/rocksdb/db/column_family.o" "-c" "rocksdb/db/column_family.cc"
[INFO] [stderr]   exit status: 0
[INFO] [stderr]   exit status: 0
[INFO] [stderr]   running: "c++" "-O0" "-ffunction-sections" "-fdata-sections" "-fPIC" "-g" "-fno-omit-frame-pointer" "-m64" "-I" "rocksdb/include/" "-I" "rocksdb/" "-I" "rocksdb/third-party/gtest-1.8.1/fused-src/" "-I" "snappy/" "-I" "lz4/lib/" "-I" "zstd/lib/" "-I" "zstd/lib/dictBuilder/" "-I" "zlib/" "-I" "bzip2/" "-I" "." "-Wall" "-Wextra" "-std=c++11" "-Wno-unused-parameter" "-msse2" "-msse4.1" "-msse4.2" "-mpclmul" "-DSNAPPY=1" "-DLZ4=1" "-DZSTD=1" "-DZLIB=1" "-DBZIP2=1" "-DNDEBUG=1" "-DHAVE_SSE42=1" "-DHAVE_PCLMUL=1" "-DOS_LINUX=1" "-DROCKSDB_PLATFORM_POSIX=1" "-DROCKSDB_LIB_IO_POSIX=1" "-o" "/opt/rustwide/target/debug/build/librocksdb-sys-79fb29b649a14276/out/rocksdb/db/compacted_db_impl.o" "-c" "rocksdb/db/compacted_db_impl.cc"
[INFO] [stderr]   exit status: 0
[INFO] [stderr]   exit status: 0
[INFO] [stderr]   running: "c++" "-O0" "-ffunction-sections" "-fdata-sections" "-fPIC" "-g" "-fno-omit-frame-pointer" "-m64" "-I" "rocksdb/include/" "-I" "rocksdb/" "-I" "rocksdb/third-party/gtest-1.8.1/fused-src/" "-I" "snappy/" "-I" "lz4/lib/" "-I" "zstd/lib/" "-I" "zstd/lib/dictBuilder/" "-I" "zlib/" "-I" "bzip2/" "-I" "." "-Wall" "-Wextra" "-std=c++11" "-Wno-unused-parameter" "-msse2" "-msse4.1" "-msse4.2" "-mpclmul" "-DSNAPPY=1" "-DLZ4=1" "-DZSTD=1" "-DZLIB=1" "-DBZIP2=1" "-DNDEBUG=1" "-DHAVE_SSE42=1" "-DHAVE_PCLMUL=1" "-DOS_LINUX=1" "-DROCKSDB_PLATFORM_POSIX=1" "-DROCKSDB_LIB_IO_POSIX=1" "-o" "/opt/rustwide/target/debug/build/librocksdb-sys-79fb29b649a14276/out/rocksdb/db/compaction/compaction.o" "-c" "rocksdb/db/compaction/compaction.cc"
[INFO] [stderr]   exit status: 0
[INFO] [stderr]   running: "c++" "-O0" "-ffunction-sections" "-fdata-sections" "-fPIC" "-g" "-fno-omit-frame-pointer" "-m64" "-I" "rocksdb/include/" "-I" "rocksdb/" "-I" "rocksdb/third-party/gtest-1.8.1/fused-src/" "-I" "snappy/" "-I" "lz4/lib/" "-I" "zstd/lib/" "-I" "zstd/lib/dictBuilder/" "-I" "zlib/" "-I" "bzip2/" "-I" "." "-Wall" "-Wextra" "-std=c++11" "-Wno-unused-parameter" "-msse2" "-msse4.1" "-msse4.2" "-mpclmul" "-DSNAPPY=1" "-DLZ4=1" "-DZSTD=1" "-DZLIB=1" "-DBZIP2=1" "-DNDEBUG=1" "-DHAVE_SSE42=1" "-DHAVE_PCLMUL=1" "-DOS_LINUX=1" "-DROCKSDB_PLATFORM_POSIX=1" "-DROCKSDB_LIB_IO_POSIX=1" "-o" "/opt/rustwide/target/debug/build/librocksdb-sys-79fb29b649a14276/out/rocksdb/db/compaction/compaction_iterator.o" "-c" "rocksdb/db/compaction/compaction_iterator.cc"
[INFO] [stderr]   cargo:warning=c++: fatal error: Killed signal terminated program cc1plus
[INFO] [stderr]   cargo:warning=compilation terminated.
[INFO] [stderr]   exit status: 1
[INFO] [stderr]   running: "c++" "-O0" "-ffunction-sections" "-fdata-sections" "-fPIC" "-g" "-fno-omit-frame-pointer" "-m64" "-I" "rocksdb/include/" "-I" "rocksdb/" "-I" "rocksdb/third-party/gtest-1.8.1/fused-src/" "-I" "snappy/" "-I" "lz4/lib/" "-I" "zstd/lib/" "-I" "zstd/lib/dictBuilder/" "-I" "zlib/" "-I" "bzip2/" "-I" "." "-Wall" "-Wextra" "-std=c++11" "-Wno-unused-parameter" "-msse2" "-msse4.1" "-msse4.2" "-mpclmul" "-DSNAPPY=1" "-DLZ4=1" "-DZSTD=1" "-DZLIB=1" "-DBZIP2=1" "-DNDEBUG=1" "-DHAVE_SSE42=1" "-DHAVE_PCLMUL=1" "-DOS_LINUX=1" "-DROCKSDB_PLATFORM_POSIX=1" "-DROCKSDB_LIB_IO_POSIX=1" "-o" "/opt/rustwide/target/debug/build/librocksdb-sys-79fb29b649a14276/out/rocksdb/db/compaction/compaction_job.o" "-c" "rocksdb/db/compaction/compaction_job.cc"
[INFO] [stderr]   exit status: 0
[INFO] [stderr]   cargo:warning=c++: fatal error: Killed signal terminated program cc1plus
[INFO] [stderr]   cargo:warning=compilation terminated.
[INFO] [stderr]   exit status: 1
[INFO] [stderr]   cargo:warning=c++: fatal error: Killed signal terminated program cc1plus
[INFO] [stderr]   cargo:warning=compilation terminated.
[INFO] [stderr]   exit status: 1
[INFO] [stderr]   cargo:warning=c++: fatal error: Killed signal terminated program cc1plus
[INFO] [stderr]   cargo:warning=compilation terminated.
[INFO] [stderr]   exit status: 1
[INFO] [stderr]   cargo:warning=c++: fatal error: Killed signal terminated program cc1plus
[INFO] [stderr]   cargo:warning=compilation terminated.
[INFO] [stderr]   exit status: 1
[INFO] [stderr]   cargo:warning=c++: fatal error: Killed signal terminated program cc1plus
[INFO] [stderr]   cargo:warning=compilation terminated.
[INFO] [stderr]   exit status: 1
[INFO] [stderr]   cargo:warning=c++: fatal error: Killed signal terminated program cc1plus
[INFO] [stderr]   cargo:warning=compilation terminated.
[INFO] [stderr]   exit status: 1
[INFO] [stderr]   cargo:warning=c++: fatal error: Killed signal terminated program cc1plus
[INFO] [stderr]   cargo:warning=compilation terminated.
[INFO] [stderr]   exit status: 1
[INFO] [stderr]   cargo:warning=c++: fatal error: Killed signal terminated program cc1plus
[INFO] [stderr]   cargo:warning=compilation terminated.
[INFO] [stderr]   exit status: 1
[INFO] [stderr] 
[INFO] [stderr]   --- stderr
[INFO] [stderr]   error: 'rustfmt' is not installed for the toolchain 'e6e4f7ed1589e03bc2f6c5931c1a72e7947e8682'
[INFO] [stderr]   note: this is a custom toolchain, which cannot use `rustup component add`
[INFO] [stderr]   help: if you built this toolchain from source, and used `rustup toolchain link`, then you may be able to build the component with `x.py`
[INFO] [stderr]   Failed to run rustfmt: Internal rustfmt error (non-fatal, continuing)
[INFO] [stderr] 
[INFO] [stderr] 
[INFO] [stderr]   error occurred: Command "c++" "-O0" "-ffunction-sections" "-fdata-sections" "-fPIC" "-g" "-fno-omit-frame-pointer" "-m64" "-I" "rocksdb/include/" "-I" "rocksdb/" "-I" "rocksdb/third-party/gtest-1.8.1/fused-src/" "-I" "snappy/" "-I" "lz4/lib/" "-I" "zstd/lib/" "-I" "zstd/lib/dictBuilder/" "-I" "zlib/" "-I" "bzip2/" "-I" "." "-Wall" "-Wextra" "-std=c++11" "-Wno-unused-parameter" "-msse2" "-msse4.1" "-msse4.2" "-mpclmul" "-DSNAPPY=1" "-DLZ4=1" "-DZSTD=1" "-DZLIB=1" "-DBZIP2=1" "-DNDEBUG=1" "-DHAVE_SSE42=1" "-DHAVE_PCLMUL=1" "-DOS_LINUX=1" "-DROCKSDB_PLATFORM_POSIX=1" "-DROCKSDB_LIB_IO_POSIX=1" "-o" "/opt/rustwide/target/debug/build/librocksdb-sys-79fb29b649a14276/out/rocksdb/db/arena_wrapped_db_iter.o" "-c" "rocksdb/db/arena_wrapped_db_iter.cc" with args "c++" did not execute successfully (status code exit status: 1).
[INFO] [stderr] 
[INFO] [stderr] 
[INFO] [stderr] warning: build failed, waiting for other jobs to finish...
[INFO] [stdout] error: aborting due to 55 previous errors
[INFO] [stdout] 
[INFO] [stdout] 
[INFO] [stdout] For more information about this error, try `rustc --explain E0557`.
[INFO] [stdout] 
[INFO] [stderr] error: could not compile `wasmer-runtime-core-near` (lib) due to 56 previous errors
[INFO] running `Command { std: "docker" "inspect" "d40790e52f90a47801d68d44bb57bd5ac05e93b52d60e3bdf9c0ead37c23bd67", kill_on_drop: false }`
[INFO] running `Command { std: "docker" "rm" "-f" "d40790e52f90a47801d68d44bb57bd5ac05e93b52d60e3bdf9c0ead37c23bd67", kill_on_drop: false }`
[INFO] [stdout] d40790e52f90a47801d68d44bb57bd5ac05e93b52d60e3bdf9c0ead37c23bd67
